{"id":14404,"date":"2024-07-01T08:11:36","date_gmt":"2024-07-01T06:11:36","guid":{"rendered":"https:\/\/www.heim-ag.ch\/heizsysteme\/products\/lia-im-modulierend-5-7-kw-r290-230v\/"},"modified":"2026-04-01T10:07:48","modified_gmt":"2026-04-01T08:07:48","slug":"lia-im-modulant-5-7-kw-r290-230v","status":"publish","type":"products","link":"https:\/\/www.heim-ag.ch\/heizsysteme\/fr\/lia-im-modulant-5-7-kw-r290-230v\/","title":{"rendered":"LIA-IM modulant 5 &#8211; 7 kW R290 (230V)"},"template":"","product_categories":[90,112,87,86,161,91,111],"product_tags":[119,162],"tags_fur_produktreihen":[138],"tags_fur_naturliches_kaeltemitte":[],"tags_prospekte":[],"class_list":["post-14404","products","type-products","status-publish","hentry","product_categories-combinaisons-de-systemes","product_categories-installation-exterieure","product_categories-land-und-forstwirtschaft-fr","product_categories-maison-individuelle","product_categories-natuerliches-kaeltemittel-r290","product_categories-pompes-a-chaleur","product_categories-pompes-a-chaleur-air-eau","product_tags-exterieur","product_tags-r290-natuerliches-kaeltemittel","tags_fur_produktreihen-pompe-a-chaleur-air-eau"],"acf":[],"yoast_head":"<!-- This site is optimized with the Yoast SEO plugin v27.5 - https:\/\/yoast.com\/product\/yoast-seo-wordpress\/ -->\n<title>LIA-IM modulant 5 - 7 kW R290 (230V) - Heim AG Heizsysteme<\/title>\n<meta name=\"description\" content=\"La LIA-IM modulante 5 - 7 kW R290 (230V) fonctionne avec le fluide frigorig\u00e8ne R290, qui pr\u00e9sente d&#039;excellentes propri\u00e9t\u00e9s thermodynamiques.\" \/>\n<meta name=\"robots\" content=\"index, follow, max-snippet:-1, max-image-preview:large, max-video-preview:-1\" \/>\n<link rel=\"canonical\" href=\"https:\/\/www.heim-ag.ch\/heizsysteme\/fr\/lia-im-modulant-5-7-kw-r290-230v\/\" \/>\n<meta property=\"og:locale\" content=\"fr_FR\" \/>\n<meta property=\"og:type\" content=\"article\" \/>\n<meta property=\"og:title\" content=\"LIA-IM modulant 5 - 7 kW R290 (230V) - Heim AG Heizsysteme\" \/>\n<meta property=\"og:description\" content=\"La LIA-IM modulante 5 - 7 kW R290 (230V) fonctionne avec le fluide frigorig\u00e8ne R290, qui pr\u00e9sente d&#039;excellentes propri\u00e9t\u00e9s thermodynamiques.\" \/>\n<meta property=\"og:url\" content=\"https:\/\/www.heim-ag.ch\/heizsysteme\/fr\/lia-im-modulant-5-7-kw-r290-230v\/\" \/>\n<meta property=\"og:site_name\" content=\"Heim AG Heizsysteme\" \/>\n<meta property=\"article:modified_time\" content=\"2026-04-01T08:07:48+00:00\" \/>\n<meta property=\"og:image\" content=\"https:\/\/www.heim-ag.ch\/heizsysteme\/wp-content\/uploads\/sites\/2\/2024\/08\/heim-ag-logo-website-bild.jpg\" \/>\n\t<meta property=\"og:image:width\" content=\"1200\" \/>\n\t<meta property=\"og:image:height\" content=\"675\" \/>\n\t<meta property=\"og:image:type\" content=\"image\/jpeg\" \/>\n<meta name=\"twitter:card\" content=\"summary_large_image\" \/>\n<script type=\"application\/ld+json\" class=\"yoast-schema-graph\">{\"@context\":\"https:\\\/\\\/schema.org\",\"@graph\":[{\"@type\":\"WebPage\",\"@id\":\"https:\\\/\\\/www.heim-ag.ch\\\/heizsysteme\\\/fr\\\/lia-im-modulant-5-7-kw-r290-230v\\\/\",\"url\":\"https:\\\/\\\/www.heim-ag.ch\\\/heizsysteme\\\/fr\\\/lia-im-modulant-5-7-kw-r290-230v\\\/\",\"name\":\"LIA-IM modulant 5 - 7 kW R290 (230V) - Heim AG Heizsysteme\",\"isPartOf\":{\"@id\":\"https:\\\/\\\/www.heim-ag.ch\\\/heizsysteme\\\/fr\\\/#website\"},\"datePublished\":\"2024-07-01T06:11:36+00:00\",\"dateModified\":\"2026-04-01T08:07:48+00:00\",\"description\":\"La LIA-IM modulante 5 - 7 kW R290 (230V) fonctionne avec le fluide frigorig\u00e8ne R290, qui pr\u00e9sente d'excellentes propri\u00e9t\u00e9s thermodynamiques.\",\"breadcrumb\":{\"@id\":\"https:\\\/\\\/www.heim-ag.ch\\\/heizsysteme\\\/fr\\\/lia-im-modulant-5-7-kw-r290-230v\\\/#breadcrumb\"},\"inLanguage\":\"fr-FR\",\"potentialAction\":[{\"@type\":\"ReadAction\",\"target\":[\"https:\\\/\\\/www.heim-ag.ch\\\/heizsysteme\\\/fr\\\/lia-im-modulant-5-7-kw-r290-230v\\\/\"]}]},{\"@type\":\"BreadcrumbList\",\"@id\":\"https:\\\/\\\/www.heim-ag.ch\\\/heizsysteme\\\/fr\\\/lia-im-modulant-5-7-kw-r290-230v\\\/#breadcrumb\",\"itemListElement\":[{\"@type\":\"ListItem\",\"position\":1,\"name\":\"Startseite\",\"item\":\"https:\\\/\\\/www.heim-ag.ch\\\/heizsysteme\\\/fr\\\/\"},{\"@type\":\"ListItem\",\"position\":2,\"name\":\"LIA-IM modulant 5 &#8211; 7 kW R290 (230V)\"}]},{\"@type\":\"WebSite\",\"@id\":\"https:\\\/\\\/www.heim-ag.ch\\\/heizsysteme\\\/fr\\\/#website\",\"url\":\"https:\\\/\\\/www.heim-ag.ch\\\/heizsysteme\\\/fr\\\/\",\"name\":\"Heim AG Heizsysteme\",\"description\":\"Ganzheitlicher Partner f\u00fcr Energiel\u00f6sungen: erneuerbar und lokal\",\"publisher\":{\"@id\":\"https:\\\/\\\/www.heim-ag.ch\\\/heizsysteme\\\/fr\\\/#organization\"},\"alternateName\":\"Heim AG\",\"potentialAction\":[{\"@type\":\"SearchAction\",\"target\":{\"@type\":\"EntryPoint\",\"urlTemplate\":\"https:\\\/\\\/www.heim-ag.ch\\\/heizsysteme\\\/fr\\\/?s={search_term_string}\"},\"query-input\":{\"@type\":\"PropertyValueSpecification\",\"valueRequired\":true,\"valueName\":\"search_term_string\"}}],\"inLanguage\":\"fr-FR\"},{\"@type\":\"Organization\",\"@id\":\"https:\\\/\\\/www.heim-ag.ch\\\/heizsysteme\\\/fr\\\/#organization\",\"name\":\"Heim AG Heizsysteme\",\"alternateName\":\"Heim AG\",\"url\":\"https:\\\/\\\/www.heim-ag.ch\\\/heizsysteme\\\/fr\\\/\",\"logo\":{\"@type\":\"ImageObject\",\"inLanguage\":\"fr-FR\",\"@id\":\"https:\\\/\\\/www.heim-ag.ch\\\/heizsysteme\\\/fr\\\/#\\\/schema\\\/logo\\\/image\\\/\",\"url\":\"https:\\\/\\\/www.heim-ag.ch\\\/heizsysteme\\\/wp-content\\\/uploads\\\/sites\\\/2\\\/2024\\\/08\\\/heim-ag-logo-organisations-logo.jpg\",\"contentUrl\":\"https:\\\/\\\/www.heim-ag.ch\\\/heizsysteme\\\/wp-content\\\/uploads\\\/sites\\\/2\\\/2024\\\/08\\\/heim-ag-logo-organisations-logo.jpg\",\"width\":696,\"height\":697,\"caption\":\"Heim AG Heizsysteme\"},\"image\":{\"@id\":\"https:\\\/\\\/www.heim-ag.ch\\\/heizsysteme\\\/fr\\\/#\\\/schema\\\/logo\\\/image\\\/\"}}]}<\/script>\n<!-- \/ Yoast SEO plugin. -->","yoast_head_json":{"title":"LIA-IM modulant 5 - 7 kW R290 (230V) - Heim AG Heizsysteme","description":"La LIA-IM modulante 5 - 7 kW R290 (230V) fonctionne avec le fluide frigorig\u00e8ne R290, qui pr\u00e9sente d'excellentes propri\u00e9t\u00e9s thermodynamiques.","robots":{"index":"index","follow":"follow","max-snippet":"max-snippet:-1","max-image-preview":"max-image-preview:large","max-video-preview":"max-video-preview:-1"},"canonical":"https:\/\/www.heim-ag.ch\/heizsysteme\/fr\/lia-im-modulant-5-7-kw-r290-230v\/","og_locale":"fr_FR","og_type":"article","og_title":"LIA-IM modulant 5 - 7 kW R290 (230V) - Heim AG Heizsysteme","og_description":"La LIA-IM modulante 5 - 7 kW R290 (230V) fonctionne avec le fluide frigorig\u00e8ne R290, qui pr\u00e9sente d'excellentes propri\u00e9t\u00e9s thermodynamiques.","og_url":"https:\/\/www.heim-ag.ch\/heizsysteme\/fr\/lia-im-modulant-5-7-kw-r290-230v\/","og_site_name":"Heim AG Heizsysteme","article_modified_time":"2026-04-01T08:07:48+00:00","og_image":[{"width":1200,"height":675,"url":"https:\/\/www.heim-ag.ch\/heizsysteme\/wp-content\/uploads\/sites\/2\/2024\/08\/heim-ag-logo-website-bild.jpg","type":"image\/jpeg"}],"twitter_card":"summary_large_image","schema":{"@context":"https:\/\/schema.org","@graph":[{"@type":"WebPage","@id":"https:\/\/www.heim-ag.ch\/heizsysteme\/fr\/lia-im-modulant-5-7-kw-r290-230v\/","url":"https:\/\/www.heim-ag.ch\/heizsysteme\/fr\/lia-im-modulant-5-7-kw-r290-230v\/","name":"LIA-IM modulant 5 - 7 kW R290 (230V) - Heim AG Heizsysteme","isPartOf":{"@id":"https:\/\/www.heim-ag.ch\/heizsysteme\/fr\/#website"},"datePublished":"2024-07-01T06:11:36+00:00","dateModified":"2026-04-01T08:07:48+00:00","description":"La LIA-IM modulante 5 - 7 kW R290 (230V) fonctionne avec le fluide frigorig\u00e8ne R290, qui pr\u00e9sente d'excellentes propri\u00e9t\u00e9s thermodynamiques.","breadcrumb":{"@id":"https:\/\/www.heim-ag.ch\/heizsysteme\/fr\/lia-im-modulant-5-7-kw-r290-230v\/#breadcrumb"},"inLanguage":"fr-FR","potentialAction":[{"@type":"ReadAction","target":["https:\/\/www.heim-ag.ch\/heizsysteme\/fr\/lia-im-modulant-5-7-kw-r290-230v\/"]}]},{"@type":"BreadcrumbList","@id":"https:\/\/www.heim-ag.ch\/heizsysteme\/fr\/lia-im-modulant-5-7-kw-r290-230v\/#breadcrumb","itemListElement":[{"@type":"ListItem","position":1,"name":"Startseite","item":"https:\/\/www.heim-ag.ch\/heizsysteme\/fr\/"},{"@type":"ListItem","position":2,"name":"LIA-IM modulant 5 &#8211; 7 kW R290 (230V)"}]},{"@type":"WebSite","@id":"https:\/\/www.heim-ag.ch\/heizsysteme\/fr\/#website","url":"https:\/\/www.heim-ag.ch\/heizsysteme\/fr\/","name":"Heim AG Heizsysteme","description":"Ganzheitlicher Partner f\u00fcr Energiel\u00f6sungen: erneuerbar und lokal","publisher":{"@id":"https:\/\/www.heim-ag.ch\/heizsysteme\/fr\/#organization"},"alternateName":"Heim AG","potentialAction":[{"@type":"SearchAction","target":{"@type":"EntryPoint","urlTemplate":"https:\/\/www.heim-ag.ch\/heizsysteme\/fr\/?s={search_term_string}"},"query-input":{"@type":"PropertyValueSpecification","valueRequired":true,"valueName":"search_term_string"}}],"inLanguage":"fr-FR"},{"@type":"Organization","@id":"https:\/\/www.heim-ag.ch\/heizsysteme\/fr\/#organization","name":"Heim AG Heizsysteme","alternateName":"Heim AG","url":"https:\/\/www.heim-ag.ch\/heizsysteme\/fr\/","logo":{"@type":"ImageObject","inLanguage":"fr-FR","@id":"https:\/\/www.heim-ag.ch\/heizsysteme\/fr\/#\/schema\/logo\/image\/","url":"https:\/\/www.heim-ag.ch\/heizsysteme\/wp-content\/uploads\/sites\/2\/2024\/08\/heim-ag-logo-organisations-logo.jpg","contentUrl":"https:\/\/www.heim-ag.ch\/heizsysteme\/wp-content\/uploads\/sites\/2\/2024\/08\/heim-ag-logo-organisations-logo.jpg","width":696,"height":697,"caption":"Heim AG Heizsysteme"},"image":{"@id":"https:\/\/www.heim-ag.ch\/heizsysteme\/fr\/#\/schema\/logo\/image\/"}}]}},"_links":{"self":[{"href":"https:\/\/www.heim-ag.ch\/heizsysteme\/fr\/wp-json\/wp\/v2\/products\/14404","targetHints":{"allow":["GET"]}}],"collection":[{"href":"https:\/\/www.heim-ag.ch\/heizsysteme\/fr\/wp-json\/wp\/v2\/products"}],"about":[{"href":"https:\/\/www.heim-ag.ch\/heizsysteme\/fr\/wp-json\/wp\/v2\/types\/products"}],"version-history":[{"count":5,"href":"https:\/\/www.heim-ag.ch\/heizsysteme\/fr\/wp-json\/wp\/v2\/products\/14404\/revisions"}],"predecessor-version":[{"id":23162,"href":"https:\/\/www.heim-ag.ch\/heizsysteme\/fr\/wp-json\/wp\/v2\/products\/14404\/revisions\/23162"}],"wp:attachment":[{"href":"https:\/\/www.heim-ag.ch\/heizsysteme\/fr\/wp-json\/wp\/v2\/media?parent=14404"}],"wp:term":[{"taxonomy":"product_categories","embeddable":true,"href":"https:\/\/www.heim-ag.ch\/heizsysteme\/fr\/wp-json\/wp\/v2\/product_categories?post=14404"},{"taxonomy":"product_tags","embeddable":true,"href":"https:\/\/www.heim-ag.ch\/heizsysteme\/fr\/wp-json\/wp\/v2\/product_tags?post=14404"},{"taxonomy":"tags_fur_produktreihen","embeddable":true,"href":"https:\/\/www.heim-ag.ch\/heizsysteme\/fr\/wp-json\/wp\/v2\/tags_fur_produktreihen?post=14404"},{"taxonomy":"tags_fur_naturliches_kaeltemitte","embeddable":true,"href":"https:\/\/www.heim-ag.ch\/heizsysteme\/fr\/wp-json\/wp\/v2\/tags_fur_naturliches_kaeltemitte?post=14404"},{"taxonomy":"tags_prospekte","embeddable":true,"href":"https:\/\/www.heim-ag.ch\/heizsysteme\/fr\/wp-json\/wp\/v2\/tags_prospekte?post=14404"}],"curies":[{"name":"wp","href":"https:\/\/api.w.org\/{rel}","templated":true}]}}

<!-- This site is optimized with the Yoast SEO plugin v27.5 - https://yoast.com/product/yoast-seo-wordpress/ -->
<title>LIA-IM modulant 5 - 7 kW R290 (230V) - Heim AG Heizsysteme</title>
<meta name="description" content="La LIA-IM modulante 5 - 7 kW R290 (230V) fonctionne avec le fluide frigorigène R290, qui présente d&#039;excellentes propriétés thermodynamiques." />
<meta name="robots" content="index, follow, max-snippet:-1, max-image-preview:large, max-video-preview:-1" />
<link rel="canonical" href="https://www.heim-ag.ch/heizsysteme/fr/lia-im-modulant-5-7-kw-r290-230v/" />
<meta property="og:locale" content="fr_FR" />
<meta property="og:type" content="article" />
<meta property="og:title" content="LIA-IM modulant 5 - 7 kW R290 (230V) - Heim AG Heizsysteme" />
<meta property="og:description" content="La LIA-IM modulante 5 - 7 kW R290 (230V) fonctionne avec le fluide frigorigène R290, qui présente d&#039;excellentes propriétés thermodynamiques." />
<meta property="og:url" content="https://www.heim-ag.ch/heizsysteme/fr/lia-im-modulant-5-7-kw-r290-230v/" />
<meta property="og:site_name" content="Heim AG Heizsysteme" />
<meta property="article:modified_time" content="2026-04-01T08:07:48+00:00" />
<meta property="og:image" content="https://www.heim-ag.ch/heizsysteme/wp-content/uploads/sites/2/2024/08/heim-ag-logo-website-bild.jpg" />
	<meta property="og:image:width" content="1200" />
	<meta property="og:image:height" content="675" />
	<meta property="og:image:type" content="image/jpeg" />
<meta name="twitter:card" content="summary_large_image" />
<script type="application/ld+json" class="yoast-schema-graph">{"@context":"https:\/\/schema.org","@graph":[{"@type":"WebPage","@id":"https:\/\/www.heim-ag.ch\/heizsysteme\/fr\/lia-im-modulant-5-7-kw-r290-230v\/","url":"https:\/\/www.heim-ag.ch\/heizsysteme\/fr\/lia-im-modulant-5-7-kw-r290-230v\/","name":"LIA-IM modulant 5 - 7 kW R290 (230V) - Heim AG Heizsysteme","isPartOf":{"@id":"https:\/\/www.heim-ag.ch\/heizsysteme\/fr\/#website"},"datePublished":"2024-07-01T06:11:36+00:00","dateModified":"2026-04-01T08:07:48+00:00","description":"La LIA-IM modulante 5 - 7 kW R290 (230V) fonctionne avec le fluide frigorigène R290, qui présente d'excellentes propriétés thermodynamiques.","breadcrumb":{"@id":"https:\/\/www.heim-ag.ch\/heizsysteme\/fr\/lia-im-modulant-5-7-kw-r290-230v\/#breadcrumb"},"inLanguage":"fr-FR","potentialAction":[{"@type":"ReadAction","target":["https:\/\/www.heim-ag.ch\/heizsysteme\/fr\/lia-im-modulant-5-7-kw-r290-230v\/"]}]},{"@type":"BreadcrumbList","@id":"https:\/\/www.heim-ag.ch\/heizsysteme\/fr\/lia-im-modulant-5-7-kw-r290-230v\/#breadcrumb","itemListElement":[{"@type":"ListItem","position":1,"name":"Startseite","item":"https:\/\/www.heim-ag.ch\/heizsysteme\/fr\/"},{"@type":"ListItem","position":2,"name":"LIA-IM modulant 5 &#8211; 7 kW R290 (230V)"}]},{"@type":"WebSite","@id":"https:\/\/www.heim-ag.ch\/heizsysteme\/fr\/#website","url":"https:\/\/www.heim-ag.ch\/heizsysteme\/fr\/","name":"Heim AG Heizsysteme","description":"Ganzheitlicher Partner für Energielösungen: erneuerbar und lokal","publisher":{"@id":"https:\/\/www.heim-ag.ch\/heizsysteme\/fr\/#organization"},"alternateName":"Heim AG","potentialAction":[{"@type":"SearchAction","target":{"@type":"EntryPoint","urlTemplate":"https:\/\/www.heim-ag.ch\/heizsysteme\/fr\/?s={search_term_string}"},"query-input":{"@type":"PropertyValueSpecification","valueRequired":true,"valueName":"search_term_string"}}],"inLanguage":"fr-FR"},{"@type":"Organization","@id":"https:\/\/www.heim-ag.ch\/heizsysteme\/fr\/#organization","name":"Heim AG Heizsysteme","alternateName":"Heim AG","url":"https:\/\/www.heim-ag.ch\/heizsysteme\/fr\/","logo":{"@type":"ImageObject","inLanguage":"fr-FR","@id":"https:\/\/www.heim-ag.ch\/heizsysteme\/fr\/#\/schema\/logo\/image\/","url":"https:\/\/www.heim-ag.ch\/heizsysteme\/wp-content\/uploads\/sites\/2\/2024\/08\/heim-ag-logo-organisations-logo.jpg","contentUrl":"https:\/\/www.heim-ag.ch\/heizsysteme\/wp-content\/uploads\/sites\/2\/2024\/08\/heim-ag-logo-organisations-logo.jpg","width":696,"height":697,"caption":"Heim AG Heizsysteme"},"image":{"@id":"https:\/\/www.heim-ag.ch\/heizsysteme\/fr\/#\/schema\/logo\/image\/"}}]}</script>
<!-- / Yoast SEO plugin. -->

La LIA-IM modulante 5 - 7 kW R290 (230V) fonctionne avec le fluide frigorigène R290, qui présente d'excellentes propriétés thermodynamiques.

Ganzheitlicher Partner für Energielösungen: erneuerbar und lokal
