{"id":22885,"date":"2025-05-08T08:02:33","date_gmt":"2025-05-08T06:02:33","guid":{"rendered":"https:\/\/www.heim-ag.ch\/heizsysteme\/products\/lwkmi-pro-modulierend-2-26-kw-mit-aktiver-kuehlung\/"},"modified":"2026-04-01T10:33:50","modified_gmt":"2026-04-01T08:33:50","slug":"lwkmi-pro-modulant-1-26-kw-avec-refroidissement-actif","status":"publish","type":"products","link":"https:\/\/www.heim-ag.ch\/heizsysteme\/fr\/lwkmi-pro-modulant-1-26-kw-avec-refroidissement-actif\/","title":{"rendered":"LWKMI pro modulant 2 \u2013 26 kW avec refroidissement actif"},"template":"","product_categories":[90,140,113,87,86,88,161,91,111,95],"product_tags":[124,125],"tags_fur_produktreihen":[138],"tags_fur_naturliches_kaeltemitte":[],"tags_prospekte":[],"class_list":["post-22885","products","type-products","status-publish","hentry","product_categories-combinaisons-de-systemes","product_categories-industrie-und-gewerbe-fr","product_categories-installation-interieure","product_categories-land-und-forstwirtschaft-fr","product_categories-maison-individuelle","product_categories-mehrfamilienhaus-fr","product_categories-natuerliches-kaeltemittel-r290","product_categories-pompes-a-chaleur","product_categories-pompes-a-chaleur-air-eau","product_categories-pompes-a-chaleur-de-heim","product_tags-interieur","product_tags-pompes-a-chaleur-air-eau","tags_fur_produktreihen-pompe-a-chaleur-air-eau"],"acf":[],"yoast_head":"<!-- This site is optimized with the Yoast SEO plugin v27.5 - https:\/\/yoast.com\/product\/yoast-seo-wordpress\/ -->\n<title>LWKMI pro modulant 2 \u2013 26 kW avec refroidissement actif - Heim AG Heizsysteme<\/title>\n<meta name=\"description\" content=\"Die LWKMi modulierend 14 \u2013 28 kW mit aktiver K\u00fchlung \u00fcberzeugt durch ihre \u00e4usserst kompakte Bauweise und einem sehr effizienten Betrieb.\" \/>\n<meta name=\"robots\" content=\"index, follow, max-snippet:-1, max-image-preview:large, max-video-preview:-1\" \/>\n<link rel=\"canonical\" href=\"https:\/\/www.heim-ag.ch\/heizsysteme\/fr\/lwkmi-pro-modulant-1-26-kw-avec-refroidissement-actif\/\" \/>\n<meta property=\"og:locale\" content=\"fr_FR\" \/>\n<meta property=\"og:type\" content=\"article\" \/>\n<meta property=\"og:title\" content=\"LWKMI pro modulant 2 \u2013 26 kW avec refroidissement actif - Heim AG Heizsysteme\" \/>\n<meta property=\"og:description\" content=\"Die LWKMi modulierend 14 \u2013 28 kW mit aktiver K\u00fchlung \u00fcberzeugt durch ihre \u00e4usserst kompakte Bauweise und einem sehr effizienten Betrieb.\" \/>\n<meta property=\"og:url\" content=\"https:\/\/www.heim-ag.ch\/heizsysteme\/fr\/lwkmi-pro-modulant-1-26-kw-avec-refroidissement-actif\/\" \/>\n<meta property=\"og:site_name\" content=\"Heim AG Heizsysteme\" \/>\n<meta property=\"article:modified_time\" content=\"2026-04-01T08:33:50+00:00\" \/>\n<meta property=\"og:image\" content=\"https:\/\/www.heim-ag.ch\/heizsysteme\/wp-content\/uploads\/sites\/2\/2024\/08\/heim-ag-logo-website-bild.jpg\" \/>\n\t<meta property=\"og:image:width\" content=\"1200\" \/>\n\t<meta property=\"og:image:height\" content=\"675\" \/>\n\t<meta property=\"og:image:type\" content=\"image\/jpeg\" \/>\n<meta name=\"twitter:card\" content=\"summary_large_image\" \/>\n<script type=\"application\/ld+json\" class=\"yoast-schema-graph\">{\"@context\":\"https:\\\/\\\/schema.org\",\"@graph\":[{\"@type\":\"WebPage\",\"@id\":\"https:\\\/\\\/www.heim-ag.ch\\\/heizsysteme\\\/fr\\\/lwkmi-pro-modulant-1-26-kw-avec-refroidissement-actif\\\/\",\"url\":\"https:\\\/\\\/www.heim-ag.ch\\\/heizsysteme\\\/fr\\\/lwkmi-pro-modulant-1-26-kw-avec-refroidissement-actif\\\/\",\"name\":\"LWKMI pro modulant 2 \u2013 26 kW avec refroidissement actif - Heim AG Heizsysteme\",\"isPartOf\":{\"@id\":\"https:\\\/\\\/www.heim-ag.ch\\\/heizsysteme\\\/fr\\\/#website\"},\"datePublished\":\"2025-05-08T06:02:33+00:00\",\"dateModified\":\"2026-04-01T08:33:50+00:00\",\"description\":\"Die LWKMi modulierend 14 \u2013 28 kW mit aktiver K\u00fchlung \u00fcberzeugt durch ihre \u00e4usserst kompakte Bauweise und einem sehr effizienten Betrieb.\",\"breadcrumb\":{\"@id\":\"https:\\\/\\\/www.heim-ag.ch\\\/heizsysteme\\\/fr\\\/lwkmi-pro-modulant-1-26-kw-avec-refroidissement-actif\\\/#breadcrumb\"},\"inLanguage\":\"fr-FR\",\"potentialAction\":[{\"@type\":\"ReadAction\",\"target\":[\"https:\\\/\\\/www.heim-ag.ch\\\/heizsysteme\\\/fr\\\/lwkmi-pro-modulant-1-26-kw-avec-refroidissement-actif\\\/\"]}]},{\"@type\":\"BreadcrumbList\",\"@id\":\"https:\\\/\\\/www.heim-ag.ch\\\/heizsysteme\\\/fr\\\/lwkmi-pro-modulant-1-26-kw-avec-refroidissement-actif\\\/#breadcrumb\",\"itemListElement\":[{\"@type\":\"ListItem\",\"position\":1,\"name\":\"Startseite\",\"item\":\"https:\\\/\\\/www.heim-ag.ch\\\/heizsysteme\\\/fr\\\/\"},{\"@type\":\"ListItem\",\"position\":2,\"name\":\"LWKMI pro modulant 2 \u2013 26 kW avec refroidissement actif\"}]},{\"@type\":\"WebSite\",\"@id\":\"https:\\\/\\\/www.heim-ag.ch\\\/heizsysteme\\\/fr\\\/#website\",\"url\":\"https:\\\/\\\/www.heim-ag.ch\\\/heizsysteme\\\/fr\\\/\",\"name\":\"Heim AG Heizsysteme\",\"description\":\"Ganzheitlicher Partner f\u00fcr Energiel\u00f6sungen: erneuerbar und lokal\",\"publisher\":{\"@id\":\"https:\\\/\\\/www.heim-ag.ch\\\/heizsysteme\\\/fr\\\/#organization\"},\"alternateName\":\"Heim AG\",\"potentialAction\":[{\"@type\":\"SearchAction\",\"target\":{\"@type\":\"EntryPoint\",\"urlTemplate\":\"https:\\\/\\\/www.heim-ag.ch\\\/heizsysteme\\\/fr\\\/?s={search_term_string}\"},\"query-input\":{\"@type\":\"PropertyValueSpecification\",\"valueRequired\":true,\"valueName\":\"search_term_string\"}}],\"inLanguage\":\"fr-FR\"},{\"@type\":\"Organization\",\"@id\":\"https:\\\/\\\/www.heim-ag.ch\\\/heizsysteme\\\/fr\\\/#organization\",\"name\":\"Heim AG Heizsysteme\",\"alternateName\":\"Heim AG\",\"url\":\"https:\\\/\\\/www.heim-ag.ch\\\/heizsysteme\\\/fr\\\/\",\"logo\":{\"@type\":\"ImageObject\",\"inLanguage\":\"fr-FR\",\"@id\":\"https:\\\/\\\/www.heim-ag.ch\\\/heizsysteme\\\/fr\\\/#\\\/schema\\\/logo\\\/image\\\/\",\"url\":\"https:\\\/\\\/www.heim-ag.ch\\\/heizsysteme\\\/wp-content\\\/uploads\\\/sites\\\/2\\\/2024\\\/08\\\/heim-ag-logo-organisations-logo.jpg\",\"contentUrl\":\"https:\\\/\\\/www.heim-ag.ch\\\/heizsysteme\\\/wp-content\\\/uploads\\\/sites\\\/2\\\/2024\\\/08\\\/heim-ag-logo-organisations-logo.jpg\",\"width\":696,\"height\":697,\"caption\":\"Heim AG Heizsysteme\"},\"image\":{\"@id\":\"https:\\\/\\\/www.heim-ag.ch\\\/heizsysteme\\\/fr\\\/#\\\/schema\\\/logo\\\/image\\\/\"}}]}<\/script>\n<!-- \/ Yoast SEO plugin. -->","yoast_head_json":{"title":"LWKMI pro modulant 2 \u2013 26 kW avec refroidissement actif - Heim AG Heizsysteme","description":"Die LWKMi modulierend 14 \u2013 28 kW mit aktiver K\u00fchlung \u00fcberzeugt durch ihre \u00e4usserst kompakte Bauweise und einem sehr effizienten Betrieb.","robots":{"index":"index","follow":"follow","max-snippet":"max-snippet:-1","max-image-preview":"max-image-preview:large","max-video-preview":"max-video-preview:-1"},"canonical":"https:\/\/www.heim-ag.ch\/heizsysteme\/fr\/lwkmi-pro-modulant-1-26-kw-avec-refroidissement-actif\/","og_locale":"fr_FR","og_type":"article","og_title":"LWKMI pro modulant 2 \u2013 26 kW avec refroidissement actif - Heim AG Heizsysteme","og_description":"Die LWKMi modulierend 14 \u2013 28 kW mit aktiver K\u00fchlung \u00fcberzeugt durch ihre \u00e4usserst kompakte Bauweise und einem sehr effizienten Betrieb.","og_url":"https:\/\/www.heim-ag.ch\/heizsysteme\/fr\/lwkmi-pro-modulant-1-26-kw-avec-refroidissement-actif\/","og_site_name":"Heim AG Heizsysteme","article_modified_time":"2026-04-01T08:33:50+00:00","og_image":[{"width":1200,"height":675,"url":"https:\/\/www.heim-ag.ch\/heizsysteme\/wp-content\/uploads\/sites\/2\/2024\/08\/heim-ag-logo-website-bild.jpg","type":"image\/jpeg"}],"twitter_card":"summary_large_image","schema":{"@context":"https:\/\/schema.org","@graph":[{"@type":"WebPage","@id":"https:\/\/www.heim-ag.ch\/heizsysteme\/fr\/lwkmi-pro-modulant-1-26-kw-avec-refroidissement-actif\/","url":"https:\/\/www.heim-ag.ch\/heizsysteme\/fr\/lwkmi-pro-modulant-1-26-kw-avec-refroidissement-actif\/","name":"LWKMI pro modulant 2 \u2013 26 kW avec refroidissement actif - Heim AG Heizsysteme","isPartOf":{"@id":"https:\/\/www.heim-ag.ch\/heizsysteme\/fr\/#website"},"datePublished":"2025-05-08T06:02:33+00:00","dateModified":"2026-04-01T08:33:50+00:00","description":"Die LWKMi modulierend 14 \u2013 28 kW mit aktiver K\u00fchlung \u00fcberzeugt durch ihre \u00e4usserst kompakte Bauweise und einem sehr effizienten Betrieb.","breadcrumb":{"@id":"https:\/\/www.heim-ag.ch\/heizsysteme\/fr\/lwkmi-pro-modulant-1-26-kw-avec-refroidissement-actif\/#breadcrumb"},"inLanguage":"fr-FR","potentialAction":[{"@type":"ReadAction","target":["https:\/\/www.heim-ag.ch\/heizsysteme\/fr\/lwkmi-pro-modulant-1-26-kw-avec-refroidissement-actif\/"]}]},{"@type":"BreadcrumbList","@id":"https:\/\/www.heim-ag.ch\/heizsysteme\/fr\/lwkmi-pro-modulant-1-26-kw-avec-refroidissement-actif\/#breadcrumb","itemListElement":[{"@type":"ListItem","position":1,"name":"Startseite","item":"https:\/\/www.heim-ag.ch\/heizsysteme\/fr\/"},{"@type":"ListItem","position":2,"name":"LWKMI pro modulant 2 \u2013 26 kW avec refroidissement actif"}]},{"@type":"WebSite","@id":"https:\/\/www.heim-ag.ch\/heizsysteme\/fr\/#website","url":"https:\/\/www.heim-ag.ch\/heizsysteme\/fr\/","name":"Heim AG Heizsysteme","description":"Ganzheitlicher Partner f\u00fcr Energiel\u00f6sungen: erneuerbar und lokal","publisher":{"@id":"https:\/\/www.heim-ag.ch\/heizsysteme\/fr\/#organization"},"alternateName":"Heim AG","potentialAction":[{"@type":"SearchAction","target":{"@type":"EntryPoint","urlTemplate":"https:\/\/www.heim-ag.ch\/heizsysteme\/fr\/?s={search_term_string}"},"query-input":{"@type":"PropertyValueSpecification","valueRequired":true,"valueName":"search_term_string"}}],"inLanguage":"fr-FR"},{"@type":"Organization","@id":"https:\/\/www.heim-ag.ch\/heizsysteme\/fr\/#organization","name":"Heim AG Heizsysteme","alternateName":"Heim AG","url":"https:\/\/www.heim-ag.ch\/heizsysteme\/fr\/","logo":{"@type":"ImageObject","inLanguage":"fr-FR","@id":"https:\/\/www.heim-ag.ch\/heizsysteme\/fr\/#\/schema\/logo\/image\/","url":"https:\/\/www.heim-ag.ch\/heizsysteme\/wp-content\/uploads\/sites\/2\/2024\/08\/heim-ag-logo-organisations-logo.jpg","contentUrl":"https:\/\/www.heim-ag.ch\/heizsysteme\/wp-content\/uploads\/sites\/2\/2024\/08\/heim-ag-logo-organisations-logo.jpg","width":696,"height":697,"caption":"Heim AG Heizsysteme"},"image":{"@id":"https:\/\/www.heim-ag.ch\/heizsysteme\/fr\/#\/schema\/logo\/image\/"}}]}},"_links":{"self":[{"href":"https:\/\/www.heim-ag.ch\/heizsysteme\/fr\/wp-json\/wp\/v2\/products\/22885","targetHints":{"allow":["GET"]}}],"collection":[{"href":"https:\/\/www.heim-ag.ch\/heizsysteme\/fr\/wp-json\/wp\/v2\/products"}],"about":[{"href":"https:\/\/www.heim-ag.ch\/heizsysteme\/fr\/wp-json\/wp\/v2\/types\/products"}],"version-history":[{"count":4,"href":"https:\/\/www.heim-ag.ch\/heizsysteme\/fr\/wp-json\/wp\/v2\/products\/22885\/revisions"}],"predecessor-version":[{"id":23170,"href":"https:\/\/www.heim-ag.ch\/heizsysteme\/fr\/wp-json\/wp\/v2\/products\/22885\/revisions\/23170"}],"wp:attachment":[{"href":"https:\/\/www.heim-ag.ch\/heizsysteme\/fr\/wp-json\/wp\/v2\/media?parent=22885"}],"wp:term":[{"taxonomy":"product_categories","embeddable":true,"href":"https:\/\/www.heim-ag.ch\/heizsysteme\/fr\/wp-json\/wp\/v2\/product_categories?post=22885"},{"taxonomy":"product_tags","embeddable":true,"href":"https:\/\/www.heim-ag.ch\/heizsysteme\/fr\/wp-json\/wp\/v2\/product_tags?post=22885"},{"taxonomy":"tags_fur_produktreihen","embeddable":true,"href":"https:\/\/www.heim-ag.ch\/heizsysteme\/fr\/wp-json\/wp\/v2\/tags_fur_produktreihen?post=22885"},{"taxonomy":"tags_fur_naturliches_kaeltemitte","embeddable":true,"href":"https:\/\/www.heim-ag.ch\/heizsysteme\/fr\/wp-json\/wp\/v2\/tags_fur_naturliches_kaeltemitte?post=22885"},{"taxonomy":"tags_prospekte","embeddable":true,"href":"https:\/\/www.heim-ag.ch\/heizsysteme\/fr\/wp-json\/wp\/v2\/tags_prospekte?post=22885"}],"curies":[{"name":"wp","href":"https:\/\/api.w.org\/{rel}","templated":true}]}}

<!-- This site is optimized with the Yoast SEO plugin v27.5 - https://yoast.com/product/yoast-seo-wordpress/ -->
<title>LWKMI pro modulant 2 – 26 kW avec refroidissement actif - Heim AG Heizsysteme</title>
<meta name="description" content="Die LWKMi modulierend 14 – 28 kW mit aktiver Kühlung überzeugt durch ihre äusserst kompakte Bauweise und einem sehr effizienten Betrieb." />
<meta name="robots" content="index, follow, max-snippet:-1, max-image-preview:large, max-video-preview:-1" />
<link rel="canonical" href="https://www.heim-ag.ch/heizsysteme/fr/lwkmi-pro-modulant-1-26-kw-avec-refroidissement-actif/" />
<meta property="og:locale" content="fr_FR" />
<meta property="og:type" content="article" />
<meta property="og:title" content="LWKMI pro modulant 2 – 26 kW avec refroidissement actif - Heim AG Heizsysteme" />
<meta property="og:description" content="Die LWKMi modulierend 14 – 28 kW mit aktiver Kühlung überzeugt durch ihre äusserst kompakte Bauweise und einem sehr effizienten Betrieb." />
<meta property="og:url" content="https://www.heim-ag.ch/heizsysteme/fr/lwkmi-pro-modulant-1-26-kw-avec-refroidissement-actif/" />
<meta property="og:site_name" content="Heim AG Heizsysteme" />
<meta property="article:modified_time" content="2026-04-01T08:33:50+00:00" />
<meta property="og:image" content="https://www.heim-ag.ch/heizsysteme/wp-content/uploads/sites/2/2024/08/heim-ag-logo-website-bild.jpg" />
	<meta property="og:image:width" content="1200" />
	<meta property="og:image:height" content="675" />
	<meta property="og:image:type" content="image/jpeg" />
<meta name="twitter:card" content="summary_large_image" />
<script type="application/ld+json" class="yoast-schema-graph">{"@context":"https:\/\/schema.org","@graph":[{"@type":"WebPage","@id":"https:\/\/www.heim-ag.ch\/heizsysteme\/fr\/lwkmi-pro-modulant-1-26-kw-avec-refroidissement-actif\/","url":"https:\/\/www.heim-ag.ch\/heizsysteme\/fr\/lwkmi-pro-modulant-1-26-kw-avec-refroidissement-actif\/","name":"LWKMI pro modulant 2 – 26 kW avec refroidissement actif - Heim AG Heizsysteme","isPartOf":{"@id":"https:\/\/www.heim-ag.ch\/heizsysteme\/fr\/#website"},"datePublished":"2025-05-08T06:02:33+00:00","dateModified":"2026-04-01T08:33:50+00:00","description":"Die LWKMi modulierend 14 – 28 kW mit aktiver Kühlung überzeugt durch ihre äusserst kompakte Bauweise und einem sehr effizienten Betrieb.","breadcrumb":{"@id":"https:\/\/www.heim-ag.ch\/heizsysteme\/fr\/lwkmi-pro-modulant-1-26-kw-avec-refroidissement-actif\/#breadcrumb"},"inLanguage":"fr-FR","potentialAction":[{"@type":"ReadAction","target":["https:\/\/www.heim-ag.ch\/heizsysteme\/fr\/lwkmi-pro-modulant-1-26-kw-avec-refroidissement-actif\/"]}]},{"@type":"BreadcrumbList","@id":"https:\/\/www.heim-ag.ch\/heizsysteme\/fr\/lwkmi-pro-modulant-1-26-kw-avec-refroidissement-actif\/#breadcrumb","itemListElement":[{"@type":"ListItem","position":1,"name":"Startseite","item":"https:\/\/www.heim-ag.ch\/heizsysteme\/fr\/"},{"@type":"ListItem","position":2,"name":"LWKMI pro modulant 2 – 26 kW avec refroidissement actif"}]},{"@type":"WebSite","@id":"https:\/\/www.heim-ag.ch\/heizsysteme\/fr\/#website","url":"https:\/\/www.heim-ag.ch\/heizsysteme\/fr\/","name":"Heim AG Heizsysteme","description":"Ganzheitlicher Partner für Energielösungen: erneuerbar und lokal","publisher":{"@id":"https:\/\/www.heim-ag.ch\/heizsysteme\/fr\/#organization"},"alternateName":"Heim AG","potentialAction":[{"@type":"SearchAction","target":{"@type":"EntryPoint","urlTemplate":"https:\/\/www.heim-ag.ch\/heizsysteme\/fr\/?s={search_term_string}"},"query-input":{"@type":"PropertyValueSpecification","valueRequired":true,"valueName":"search_term_string"}}],"inLanguage":"fr-FR"},{"@type":"Organization","@id":"https:\/\/www.heim-ag.ch\/heizsysteme\/fr\/#organization","name":"Heim AG Heizsysteme","alternateName":"Heim AG","url":"https:\/\/www.heim-ag.ch\/heizsysteme\/fr\/","logo":{"@type":"ImageObject","inLanguage":"fr-FR","@id":"https:\/\/www.heim-ag.ch\/heizsysteme\/fr\/#\/schema\/logo\/image\/","url":"https:\/\/www.heim-ag.ch\/heizsysteme\/wp-content\/uploads\/sites\/2\/2024\/08\/heim-ag-logo-organisations-logo.jpg","contentUrl":"https:\/\/www.heim-ag.ch\/heizsysteme\/wp-content\/uploads\/sites\/2\/2024\/08\/heim-ag-logo-organisations-logo.jpg","width":696,"height":697,"caption":"Heim AG Heizsysteme"},"image":{"@id":"https:\/\/www.heim-ag.ch\/heizsysteme\/fr\/#\/schema\/logo\/image\/"}}]}</script>
<!-- / Yoast SEO plugin. -->

Die LWKMi modulierend 14 – 28 kW mit aktiver Kühlung überzeugt durch ihre äusserst kompakte Bauweise und einem sehr effizienten Betrieb.

Ganzheitlicher Partner für Energielösungen: erneuerbar und lokal
