{"id":10449,"date":"2024-07-25T16:51:11","date_gmt":"2024-07-25T14:51:11","guid":{"rendered":"https:\/\/stage.heim-ag.ch\/heizsysteme\/?page_id=10449"},"modified":"2025-04-14T16:16:51","modified_gmt":"2025-04-14T14:16:51","slug":"faq-app","status":"publish","type":"page","link":"https:\/\/www.heim-ag.ch\/heizsysteme\/faq-app\/","title":{"rendered":"FAQ \/\/ nur f\u00fcr die App"},"content":{"rendered":"<h2>\n<p class=\"p1\">HEIMisches Wissen<\/p>\n<\/h2>\n<div>\n<p><span>Du hast Fragen zu W\u00e4rmeerzeugern, m\u00f6chtest St\u00f6rmeldungen richtig deuten oder ben\u00f6tigst Tipps rund um erneuerbare Energien? Dann bist du beim Wissensbereich von Heim AG Heizsysteme genau richtig!<\/span><\/p>\n<p><span>Unser Ziel ist klar: Wir wollen dir nicht nur erstklassige und umweltfreundliche Heizl\u00f6sungen bieten, sondern dir auch Antworten zu all deinen Fragen rund um deine Heizung liefern. Bei uns findest du eine stetig wachsende Sammlung an FAQs, Anleitungen und Insider-Tipps, die wir laufend f\u00fcr dich aktualisieren.<\/span><\/p>\n<p><span>Tauch ein in unsere praxisnahen Leitf\u00e4den, profitiere von den neuesten Informationen zum Thema Energieeffizienz und entdecke, wie du deine Heizung optimal nutzen kannst. Mit uns bleibst du immer auf dem neuesten Stand.<\/span><\/p>\n<\/div>\n<p><img decoding=\"async\" src=\"\/heizsysteme\/wp-content\/uploads\/sites\/2\/2024\/05\/wissensheimat.jpg\" alt=\"\"><\/p>\n<div>Durchst\u00f6bern und heimisches Wissen entdecken<\/div>\n<h1>HEIMbereiche im \u00dcberblick<\/h1>\n<div>\n<p>Nutze unseren Wissensbereich als pers\u00f6nlichen Ratgeber. Entdecke in unseren HEIMbereichen alles von Firmeninfos bis zu Produktdetails \u2013 praxisnah und immer aktuell. Hol dir das Fachwissen, das dich und dein Zuhause weiterbringt, direkt und unkompliziert.<\/p>\n<p>Findest du die Antwort auf deine Fragen nicht? Dann lass es uns wissen &#8211; wir sind gerne f\u00fcr dich da.<\/p>\n<\/div>\n<p><p>\n        <a href=\"\/heizsysteme\/kontakt\/\">Kontaktiere uns <\/a>\n    <\/p>\n<\/p>\n<ul>\n<li>\n<p>        <img decoding=\"async\" src=\"\/heizsysteme\/wp-content\/uploads\/sites\/2\/2024\/05\/heimag-hauptsitz-aadorf.jpg\" alt=\"Heim AG Hauptsitz\"><\/p>\n<h2>Unternehmen<\/h2>\n<div>\n<p>H\u00e4ufig gestellte Fragen zum Unternehmen und unseren Dienstleistungen.\u00a0<\/p>\n<\/div>\n<p><a href=\"\/heizsysteme\/wissen-ratgeber\/faq-heimisches-wissen\/faq-unternehmen\/\">zu den FAQs<\/a><\/p>\n<\/li>\n<li>\n<p>        <img decoding=\"async\" src=\"\/heizsysteme\/wp-content\/uploads\/sites\/2\/2024\/05\/regler-steuerung.jpg\" alt=\"\"><\/p>\n<h2>Regler\/ Steuerung<\/h2>\n<div>\n<p>Maximiere die Effizienz mit unseren HEIMweisungen.<\/p>\n<\/div>\n<p><a href=\"\/heizsysteme\/wissen-ratgeber\/faq-heimisches-wissen\/faq-steuerung\/\">zu den FAQs<\/a><\/p>\n<\/li>\n<li>\n<p>        <img decoding=\"async\" src=\"\/heizsysteme\/wp-content\/uploads\/sites\/2\/2024\/05\/waermepumpe-garten.jpg\" alt=\"W\u00e4rmepumpe aussenaufgestell\nung\"><\/p>\n<h2>W\u00e4rmepumpen<\/h2>\n<div>\n<p><span>W\u00e4rmepumpenwissen kompakt: Die wichtigsten Fragen und Antworten.<\/span><\/p>\n<\/div>\n<p><a href=\"\/heizsysteme\/wissen-ratgeber\/faq-heimisches-wissen\/faq-waermepumpen\/\">zu den FAQs<\/a><\/p>\n<\/li>\n<li>\n<p>        <img decoding=\"async\" src=\"\/heizsysteme\/wp-content\/uploads\/sites\/2\/2024\/07\/waermepumpenboiler-1.jpg\" alt=\"W\u00e4rmepumpenboiler\"><\/p>\n<h2>W\u00e4rmepumpenboiler<\/h2>\n<div>\n<p>Funktionsweise und spannende W\u00e4rmepumpenboiler-Insights.<\/p>\n<\/div>\n<p><a href=\"\/heizsysteme\/wissen-ratgeber\/faq-heimisches-wissen\/faq-waermepumpenboiler\/\">zu den FAQs<\/a><\/p>\n<\/li>\n<li>\n<p>        <img decoding=\"async\" src=\"\/heizsysteme\/wp-content\/uploads\/sites\/2\/2024\/05\/holzenergie-1.jpg\" alt=\"Holzenergie Schnitzellagerung\"><\/p>\n<h2>Holzenergie<\/h2>\n<div>\n<p>Holz ist eine der \u00e4ltesten Energiequellen. Erfahre mehr rund um Holzenergie.\u00a0<\/p>\n<\/p>\n<\/div>\n<p><a href=\"\/heizsysteme\/wissen-ratgeber\/faq-heimisches-wissen\/faq-holzenergie\/\">zu den FAQs<\/a><\/p>\n<\/li>\n<\/ul>\n<p><!--more--><br \/>\n<!-- {\"type\":\"layout\",\"children\":[{\"type\":\"section\",\"props\":{\"image_position\":\"center-center\",\"padding_remove_top\":false,\"style\":\"default\",\"title_breakpoint\":\"xl\",\"title_position\":\"top-left\",\"title_rotation\":\"left\",\"vertical_align\":\"\",\"width\":\"large\"},\"children\":[{\"type\":\"row\",\"children\":[{\"type\":\"column\",\"props\":{\"image_position\":\"center-center\",\"position_sticky_breakpoint\":\"m\",\"width_medium\":\"1-2\"},\"children\":[{\"type\":\"headline\",\"props\":{\"animation\":\"none\",\"content\":\"\n\n<p class=\\\"p1\\\">HEIMisches Wissen<\\\/p>\",\"parallax_breakpoint\":\"m\",\"parallax_easing\":\"1\",\"parallax_y\":\"30,-30\",\"text_align\":\"left\",\"text_align_breakpoint\":\"s\",\"text_align_fallback\":\"center\",\"title_element\":\"h2\",\"title_style\":\"h1\"}},{\"type\":\"text\",\"props\":{\"column_breakpoint\":\"m\",\"content\":\"\n\n<p><span>Du hast Fragen zu W\\u00e4rmeerzeugern, m\\u00f6chtest St\\u00f6rmeldungen richtig deuten oder ben\\u00f6tigst Tipps rund um erneuerbare Energien? Dann bist du beim Wissensbereich von Heim AG Heizsysteme genau richtig!<\\\/span><\\\/p>\\n\n\n<p><span>Unser Ziel ist klar: Wir wollen dir nicht nur erstklassige und umweltfreundliche Heizl\\u00f6sungen bieten, sondern dir auch Antworten zu all deinen Fragen rund um deine Heizung liefern. Bei uns findest du eine stetig wachsende Sammlung an FAQs, Anleitungen und Insider-Tipps, die wir laufend f\\u00fcr dich aktualisieren.<\\\/span><\\\/p>\\n\n\n<p><span>Tauch ein in unsere praxisnahen Leitf\\u00e4den, profitiere von den neuesten Informationen zum Thema Energieeffizienz und entdecke, wie du deine Heizung optimal nutzen kannst. Mit uns bleibst du immer auf dem neuesten Stand.<\\\/span><\\\/p>\",\"margin\":\"default\"}}]},{\"type\":\"column\",\"props\":{\"image_position\":\"center-center\",\"position_sticky_breakpoint\":\"m\",\"width_medium\":\"1-2\"},\"children\":[{\"type\":\"image\",\"props\":{\"image\":\"wp-content\\\/uploads\\\/sites\\\/2\\\/2024\\\/05\\\/wissensheimat.jpg\",\"image_svg_color\":\"emphasis\",\"margin\":\"default\"}}]}],\"props\":{\"layout\":\"1-2,1-2\"}}],\"name\":\"Heimisches Wissen Intro\"},{\"type\":\"section\",\"props\":{\"image_position\":\"center-center\",\"style\":\"muted\",\"title_breakpoint\":\"xl\",\"title_position\":\"top-left\",\"title_rotation\":\"left\",\"vertical_align\":\"\",\"width\":\"large\"},\"children\":[{\"type\":\"row\",\"children\":[{\"type\":\"column\",\"props\":{\"image_position\":\"center-center\",\"position_sticky_breakpoint\":\"m\",\"width_medium\":\"1-2\"},\"children\":[{\"type\":\"headline\",\"props\":{\"content\":\"Durchst\\u00f6bern und heimisches Wissen entdecken\",\"margin_remove_bottom\":true,\"title_element\":\"div\",\"title_style\":\"h4\"}},{\"type\":\"headline\",\"props\":{\"content\":\"HEIMbereiche im \\u00dcberblick\",\"margin_remove_top\":true,\"title_color\":\"primary\",\"title_element\":\"h1\"}},{\"type\":\"text\",\"props\":{\"column_breakpoint\":\"m\",\"content\":\"\n\n<p>Nutze unseren Wissensbereich als pers\\u00f6nlichen Ratgeber. Entdecke in unseren HEIMbereichen alles von Firmeninfos bis zu Produktdetails \\u2013 praxisnah und immer aktuell. Hol dir das Fachwissen, das dich und dein Zuhause weiterbringt, direkt und unkompliziert.<\\\/p>\\n\n\n<p>Findest du die Antwort auf deine Fragen nicht? Dann lass es uns wissen - wir sind gerne f\\u00fcr dich da.<\\\/p>\",\"margin\":\"default\"}},{\"type\":\"button\",\"props\":{\"grid_column_gap\":\"small\",\"grid_row_gap\":\"small\",\"margin\":\"default\"},\"children\":[{\"type\":\"button_item\",\"props\":{\"button_style\":\"default\",\"content\":\"Kontaktiere uns \",\"dialog_layout\":\"modal\",\"dialog_offcanvas_flip\":true,\"icon_align\":\"left\",\"link\":\"\\\/heizsysteme\\\/kontakt\\\/\"}}]}]},{\"type\":\"column\",\"props\":{\"image_position\":\"center-center\",\"position_sticky_breakpoint\":\"m\",\"width_medium\":\"1-2\"}}],\"props\":{\"layout\":\"1-2,1-2\"}}],\"name\":\"Intro Heimbereiche\"},{\"type\":\"section\",\"props\":{\"image_position\":\"center-center\",\"style\":\"muted\",\"title_breakpoint\":\"xl\",\"title_position\":\"top-left\",\"title_rotation\":\"left\",\"vertical_align\":\"\",\"width\":\"default\"},\"children\":[{\"type\":\"row\",\"children\":[{\"type\":\"column\",\"props\":{\"image_position\":\"center-center\",\"position_sticky_breakpoint\":\"m\"},\"children\":[{\"name\":\"Grid Panel Style Card\",\"type\":\"grid\",\"children\":[{\"type\":\"grid_item\",\"props\":{\"content\":\"\n\n<p>H\\u00e4ufig gestellte Fragen zum Unternehmen und unseren Dienstleistungen.\\u00a0<\\\/p>\",\"image\":\"wp-content\\\/uploads\\\/sites\\\/2\\\/2024\\\/05\\\/heimag-hauptsitz-aadorf.jpg\",\"image_alt\":\"Heim AG Hauptsitz\",\"link\":\"wissen-ratgeber\\\/faq-heimisches-wissen\\\/faq-unternehmen\\\/\",\"link_text\":\"zu den FAQs\",\"meta\":\"\",\"title\":\"Unternehmen\"}},{\"type\":\"grid_item\",\"props\":{\"content\":\"\n\n<p>Maximiere die Effizienz mit unseren HEIMweisungen.<\\\/p>\",\"image\":\"wp-content\\\/uploads\\\/sites\\\/2\\\/2024\\\/05\\\/regler-steuerung.jpg\",\"link\":\"wissen-ratgeber\\\/faq-heimisches-wissen\\\/faq-steuerung\\\/\",\"link_text\":\"zu den FAQs\",\"meta\":\"\",\"title\":\"Regler\\\/ Steuerung\"}},{\"type\":\"grid_item\",\"props\":{\"content\":\"\n\n<p><span>W\\u00e4rmepumpenwissen kompakt: Die wichtigsten Fragen und Antworten.<\\\/span><\\\/p>\",\"image\":\"wp-content\\\/uploads\\\/sites\\\/2\\\/2024\\\/05\\\/waermepumpe-garten.jpg\",\"image_alt\":\"W\\u00e4rmepumpe aussenaufgestell\\nung\",\"link\":\"wissen-ratgeber\\\/faq-heimisches-wissen\\\/faq-waermepumpen\\\/\",\"link_text\":\"zu den FAQs\",\"meta\":\"\",\"title\":\"W\\u00e4rmepumpen\"}},{\"type\":\"grid_item\",\"props\":{\"content\":\"\n\n<p>Funktionsweise und spannende W\\u00e4rmepumpenboiler-Insights.<\\\/p>\",\"image\":\"wp-content\\\/uploads\\\/sites\\\/2\\\/2024\\\/07\\\/waermepumpenboiler-1.jpg\",\"image_alt\":\"W\\u00e4rmepumpenboiler\",\"link\":\"wissen-ratgeber\\\/faq-heimisches-wissen\\\/faq-waermepumpenboiler\\\/\",\"link_text\":\"zu den FAQs\",\"meta\":\"\",\"title\":\"W\\u00e4rmepumpenboiler\"}},{\"type\":\"grid_item\",\"props\":{\"content\":\"\n\n<p>Holz ist eine der \\u00e4ltesten Energiequellen. Erfahre mehr rund um Holzenergie.\\u00a0<\\\/p>\\n\n\n<p><\\\/p>\",\"image\":\"wp-content\\\/uploads\\\/sites\\\/2\\\/2024\\\/05\\\/holzenergie-1.jpg\",\"image_alt\":\"Holzenergie Schnitzellagerung\",\"link\":\"wissen-ratgeber\\\/faq-heimisches-wissen\\\/faq-holzenergie\\\/\",\"link_text\":\"zu den FAQs\",\"meta\":\"\",\"title\":\"Holzenergie\"}}],\"props\":{\"content_column_breakpoint\":\"m\",\"content_margin\":\"small\",\"filter_align\":\"left\",\"filter_all\":true,\"filter_grid_breakpoint\":\"m\",\"filter_grid_width\":\"auto\",\"filter_position\":\"top\",\"filter_style\":\"tab\",\"grid_column_align\":true,\"grid_default\":\"1\",\"grid_medium\":\"3\",\"grid_small\":\"2\",\"icon_width\":80,\"image_align\":\"top\",\"image_grid_breakpoint\":\"m\",\"image_grid_width\":\"1-2\",\"image_link\":true,\"image_svg_color\":\"emphasis\",\"image_width\":\"900\",\"item_animation\":true,\"lightbox_bg_close\":true,\"link_style\":\"primary\",\"link_text\":\"Read More\",\"margin\":\"remove-vertical\",\"meta_align\":\"above-title\",\"meta_color\":\"primary\",\"meta_element\":\"div\",\"meta_style\":\"text-meta\",\"panel_image_no_padding\":true,\"panel_link\":false,\"panel_padding\":\"default\",\"panel_style\":\"card-default\",\"parallax_easing\":\"1\",\"show_content\":true,\"show_hover_image\":true,\"show_hover_video\":true,\"show_image\":true,\"show_link\":true,\"show_meta\":true,\"show_title\":true,\"show_video\":true,\"title_align\":\"top\",\"title_element\":\"h2\",\"title_grid_breakpoint\":\"m\",\"title_grid_width\":\"1-2\",\"title_hover_style\":\"reset\",\"title_link\":true,\"title_margin\":\"small\",\"title_style\":\"h3\"}}]}]}],\"name\":\"HEIMbereiche\"}],\"version\":\"4.5.13\"} --><\/p>\n","protected":false},"excerpt":{"rendered":"<p>HEIMisches Wissen Du hast Fragen zu W\u00e4rmeerzeugern, m\u00f6chtest St\u00f6rmeldungen richtig deuten oder ben\u00f6tigst Tipps rund um erneuerbare Energien? Dann bist du beim Wissensbereich von Heim AG Heizsysteme genau richtig! Unser Ziel ist klar: Wir wollen dir nicht nur erstklassige und umweltfreundliche Heizl\u00f6sungen bieten, sondern dir auch Antworten zu all deinen Fragen rund um deine Heizung [&hellip;]<\/p>\n","protected":false},"author":1,"featured_media":0,"parent":0,"menu_order":0,"comment_status":"closed","ping_status":"closed","template":"","meta":{"_acf_changed":false,"footnotes":""},"class_list":["post-10449","page","type-page","status-publish","hentry"],"acf":[],"yoast_head":"<!-- This site is optimized with the Yoast SEO plugin v27.4 - https:\/\/yoast.com\/product\/yoast-seo-wordpress\/ -->\n<title>FAQ \/\/ nur f\u00fcr die App - Heim AG Heizsysteme<\/title>\n<meta name=\"robots\" content=\"noindex, nofollow\" \/>\n<meta property=\"og:locale\" content=\"de_DE\" \/>\n<meta property=\"og:type\" content=\"article\" \/>\n<meta property=\"og:title\" content=\"FAQ \/\/ nur f\u00fcr die App - Heim AG Heizsysteme\" \/>\n<meta property=\"og:description\" content=\"HEIMisches Wissen Du hast Fragen zu W\u00e4rmeerzeugern, m\u00f6chtest St\u00f6rmeldungen richtig deuten oder ben\u00f6tigst Tipps rund um erneuerbare Energien? Dann bist du beim Wissensbereich von Heim AG Heizsysteme genau richtig! Unser Ziel ist klar: Wir wollen dir nicht nur erstklassige und umweltfreundliche Heizl\u00f6sungen bieten, sondern dir auch Antworten zu all deinen Fragen rund um deine Heizung [&hellip;]\" \/>\n<meta property=\"og:url\" content=\"https:\/\/www.heim-ag.ch\/heizsysteme\/faq-app\/\" \/>\n<meta property=\"og:site_name\" content=\"Heim AG Heizsysteme\" \/>\n<meta property=\"article:modified_time\" content=\"2025-04-14T14:16:51+00:00\" \/>\n<meta property=\"og:image\" content=\"https:\/\/www.heim-ag.ch\/heizsysteme\/wp-content\/uploads\/sites\/2\/2024\/08\/heim-ag-logo-website-bild.jpg\" \/>\n\t<meta property=\"og:image:width\" content=\"1200\" \/>\n\t<meta property=\"og:image:height\" content=\"675\" \/>\n\t<meta property=\"og:image:type\" content=\"image\/jpeg\" \/>\n<meta name=\"twitter:card\" content=\"summary_large_image\" \/>\n<meta name=\"twitter:label1\" content=\"Gesch\u00e4tzte Lesezeit\" \/>\n\t<meta name=\"twitter:data1\" content=\"3\u00a0Minuten\" \/>\n<script type=\"application\/ld+json\" class=\"yoast-schema-graph\">{\"@context\":\"https:\\\/\\\/schema.org\",\"@graph\":[{\"@type\":\"WebPage\",\"@id\":\"https:\\\/\\\/www.heim-ag.ch\\\/heizsysteme\\\/faq-app\\\/\",\"url\":\"https:\\\/\\\/www.heim-ag.ch\\\/heizsysteme\\\/faq-app\\\/\",\"name\":\"FAQ \\\/\\\/ nur f\u00fcr die App - Heim AG Heizsysteme\",\"isPartOf\":{\"@id\":\"https:\\\/\\\/www.heim-ag.ch\\\/heizsysteme\\\/#website\"},\"datePublished\":\"2024-07-25T14:51:11+00:00\",\"dateModified\":\"2025-04-14T14:16:51+00:00\",\"breadcrumb\":{\"@id\":\"https:\\\/\\\/www.heim-ag.ch\\\/heizsysteme\\\/faq-app\\\/#breadcrumb\"},\"inLanguage\":\"de\",\"potentialAction\":[{\"@type\":\"ReadAction\",\"target\":[\"https:\\\/\\\/www.heim-ag.ch\\\/heizsysteme\\\/faq-app\\\/\"]}]},{\"@type\":\"BreadcrumbList\",\"@id\":\"https:\\\/\\\/www.heim-ag.ch\\\/heizsysteme\\\/faq-app\\\/#breadcrumb\",\"itemListElement\":[{\"@type\":\"ListItem\",\"position\":1,\"name\":\"Startseite\",\"item\":\"https:\\\/\\\/www.heim-ag.ch\\\/heizsysteme\\\/\"},{\"@type\":\"ListItem\",\"position\":2,\"name\":\"FAQ \\\/\\\/ nur f\u00fcr die App\"}]},{\"@type\":\"WebSite\",\"@id\":\"https:\\\/\\\/www.heim-ag.ch\\\/heizsysteme\\\/#website\",\"url\":\"https:\\\/\\\/www.heim-ag.ch\\\/heizsysteme\\\/\",\"name\":\"Heim AG Heizsysteme\",\"description\":\"Ganzheitlicher Partner f\u00fcr Energiel\u00f6sungen: erneuerbar und lokal\",\"publisher\":{\"@id\":\"https:\\\/\\\/www.heim-ag.ch\\\/heizsysteme\\\/#organization\"},\"alternateName\":\"Heim AG\",\"potentialAction\":[{\"@type\":\"SearchAction\",\"target\":{\"@type\":\"EntryPoint\",\"urlTemplate\":\"https:\\\/\\\/www.heim-ag.ch\\\/heizsysteme\\\/?s={search_term_string}\"},\"query-input\":{\"@type\":\"PropertyValueSpecification\",\"valueRequired\":true,\"valueName\":\"search_term_string\"}}],\"inLanguage\":\"de\"},{\"@type\":\"Organization\",\"@id\":\"https:\\\/\\\/www.heim-ag.ch\\\/heizsysteme\\\/#organization\",\"name\":\"Heim AG Heizsysteme\",\"alternateName\":\"Heim AG\",\"url\":\"https:\\\/\\\/www.heim-ag.ch\\\/heizsysteme\\\/\",\"logo\":{\"@type\":\"ImageObject\",\"inLanguage\":\"de\",\"@id\":\"https:\\\/\\\/www.heim-ag.ch\\\/heizsysteme\\\/#\\\/schema\\\/logo\\\/image\\\/\",\"url\":\"https:\\\/\\\/www.heim-ag.ch\\\/heizsysteme\\\/wp-content\\\/uploads\\\/sites\\\/2\\\/2024\\\/08\\\/heim-ag-logo-organisations-logo.jpg\",\"contentUrl\":\"https:\\\/\\\/www.heim-ag.ch\\\/heizsysteme\\\/wp-content\\\/uploads\\\/sites\\\/2\\\/2024\\\/08\\\/heim-ag-logo-organisations-logo.jpg\",\"width\":696,\"height\":697,\"caption\":\"Heim AG Heizsysteme\"},\"image\":{\"@id\":\"https:\\\/\\\/www.heim-ag.ch\\\/heizsysteme\\\/#\\\/schema\\\/logo\\\/image\\\/\"}}]}<\/script>\n<!-- \/ Yoast SEO plugin. -->","yoast_head_json":{"title":"FAQ \/\/ nur f\u00fcr die App - Heim AG Heizsysteme","robots":{"index":"noindex","follow":"nofollow"},"og_locale":"de_DE","og_type":"article","og_title":"FAQ \/\/ nur f\u00fcr die App - Heim AG Heizsysteme","og_description":"HEIMisches Wissen Du hast Fragen zu W\u00e4rmeerzeugern, m\u00f6chtest St\u00f6rmeldungen richtig deuten oder ben\u00f6tigst Tipps rund um erneuerbare Energien? Dann bist du beim Wissensbereich von Heim AG Heizsysteme genau richtig! Unser Ziel ist klar: Wir wollen dir nicht nur erstklassige und umweltfreundliche Heizl\u00f6sungen bieten, sondern dir auch Antworten zu all deinen Fragen rund um deine Heizung [&hellip;]","og_url":"https:\/\/www.heim-ag.ch\/heizsysteme\/faq-app\/","og_site_name":"Heim AG Heizsysteme","article_modified_time":"2025-04-14T14:16:51+00:00","og_image":[{"width":1200,"height":675,"url":"https:\/\/www.heim-ag.ch\/heizsysteme\/wp-content\/uploads\/sites\/2\/2024\/08\/heim-ag-logo-website-bild.jpg","type":"image\/jpeg"}],"twitter_card":"summary_large_image","twitter_misc":{"Gesch\u00e4tzte Lesezeit":"3\u00a0Minuten"},"schema":{"@context":"https:\/\/schema.org","@graph":[{"@type":"WebPage","@id":"https:\/\/www.heim-ag.ch\/heizsysteme\/faq-app\/","url":"https:\/\/www.heim-ag.ch\/heizsysteme\/faq-app\/","name":"FAQ \/\/ nur f\u00fcr die App - Heim AG Heizsysteme","isPartOf":{"@id":"https:\/\/www.heim-ag.ch\/heizsysteme\/#website"},"datePublished":"2024-07-25T14:51:11+00:00","dateModified":"2025-04-14T14:16:51+00:00","breadcrumb":{"@id":"https:\/\/www.heim-ag.ch\/heizsysteme\/faq-app\/#breadcrumb"},"inLanguage":"de","potentialAction":[{"@type":"ReadAction","target":["https:\/\/www.heim-ag.ch\/heizsysteme\/faq-app\/"]}]},{"@type":"BreadcrumbList","@id":"https:\/\/www.heim-ag.ch\/heizsysteme\/faq-app\/#breadcrumb","itemListElement":[{"@type":"ListItem","position":1,"name":"Startseite","item":"https:\/\/www.heim-ag.ch\/heizsysteme\/"},{"@type":"ListItem","position":2,"name":"FAQ \/\/ nur f\u00fcr die App"}]},{"@type":"WebSite","@id":"https:\/\/www.heim-ag.ch\/heizsysteme\/#website","url":"https:\/\/www.heim-ag.ch\/heizsysteme\/","name":"Heim AG Heizsysteme","description":"Ganzheitlicher Partner f\u00fcr Energiel\u00f6sungen: erneuerbar und lokal","publisher":{"@id":"https:\/\/www.heim-ag.ch\/heizsysteme\/#organization"},"alternateName":"Heim AG","potentialAction":[{"@type":"SearchAction","target":{"@type":"EntryPoint","urlTemplate":"https:\/\/www.heim-ag.ch\/heizsysteme\/?s={search_term_string}"},"query-input":{"@type":"PropertyValueSpecification","valueRequired":true,"valueName":"search_term_string"}}],"inLanguage":"de"},{"@type":"Organization","@id":"https:\/\/www.heim-ag.ch\/heizsysteme\/#organization","name":"Heim AG Heizsysteme","alternateName":"Heim AG","url":"https:\/\/www.heim-ag.ch\/heizsysteme\/","logo":{"@type":"ImageObject","inLanguage":"de","@id":"https:\/\/www.heim-ag.ch\/heizsysteme\/#\/schema\/logo\/image\/","url":"https:\/\/www.heim-ag.ch\/heizsysteme\/wp-content\/uploads\/sites\/2\/2024\/08\/heim-ag-logo-organisations-logo.jpg","contentUrl":"https:\/\/www.heim-ag.ch\/heizsysteme\/wp-content\/uploads\/sites\/2\/2024\/08\/heim-ag-logo-organisations-logo.jpg","width":696,"height":697,"caption":"Heim AG Heizsysteme"},"image":{"@id":"https:\/\/www.heim-ag.ch\/heizsysteme\/#\/schema\/logo\/image\/"}}]}},"_links":{"self":[{"href":"https:\/\/www.heim-ag.ch\/heizsysteme\/wp-json\/wp\/v2\/pages\/10449","targetHints":{"allow":["GET"]}}],"collection":[{"href":"https:\/\/www.heim-ag.ch\/heizsysteme\/wp-json\/wp\/v2\/pages"}],"about":[{"href":"https:\/\/www.heim-ag.ch\/heizsysteme\/wp-json\/wp\/v2\/types\/page"}],"author":[{"embeddable":true,"href":"https:\/\/www.heim-ag.ch\/heizsysteme\/wp-json\/wp\/v2\/users\/1"}],"replies":[{"embeddable":true,"href":"https:\/\/www.heim-ag.ch\/heizsysteme\/wp-json\/wp\/v2\/comments?post=10449"}],"version-history":[{"count":10,"href":"https:\/\/www.heim-ag.ch\/heizsysteme\/wp-json\/wp\/v2\/pages\/10449\/revisions"}],"predecessor-version":[{"id":18273,"href":"https:\/\/www.heim-ag.ch\/heizsysteme\/wp-json\/wp\/v2\/pages\/10449\/revisions\/18273"}],"wp:attachment":[{"href":"https:\/\/www.heim-ag.ch\/heizsysteme\/wp-json\/wp\/v2\/media?parent=10449"}],"curies":[{"name":"wp","href":"https:\/\/api.w.org\/{rel}","templated":true}]}}