{"id":1254,"date":"2024-04-22T08:17:41","date_gmt":"2024-04-22T06:17:41","guid":{"rendered":"https:\/\/stage.heim-ag.ch\/heizsysteme\/?page_id=1254"},"modified":"2026-04-08T10:26:31","modified_gmt":"2026-04-08T08:26:31","slug":"hackschnitzelkessel","status":"publish","type":"page","link":"https:\/\/www.heim-ag.ch\/heizsysteme\/produkte-loesungen\/holzfeuerungen\/hackschnitzelkessel\/","title":{"rendered":"Hackschnitzelkessel"},"content":{"rendered":"<h1><span>Hackschnitzel&shy;kessel<\/span><\/h1>\n<div>\n<p><span>Die HEIM Energie Hackschnitzelheizungen sind durch ihre Bauweise (schon ab 80 kW Leistung mit dem hochwertigen Treppenrost) flexibel f\u00fcr verschiedene Brennstoffarten und Qualit\u00e4ten einsetzbar. Sie sind dar\u00fcber hinaus unschlagbar kompakt und verf\u00fcgen \u00fcber einen integrierten Feinstaubfilter bis 500 kW Leistung.<\/span><\/p>\n<\/div>\n<p><p>\n        <a href=\"#unsere-hackschnitzelkessel\">Unsere Hackschnitzelkessel<\/a>\n    <\/p>\n<\/p>\n<div>\n<h3>Vorteile<\/h3>\n<div>\n<ul>\n<li data-list=\"bullet\">Hackschnitzelheizungen haben einen sehr hohen Wirkungsgrad<\/li>\n<li data-list=\"bullet\">Hackschnitzel ist ein nachhaltig nachwachsender Brennstoff, der CO2-neutral verbrennt.<\/li>\n<li data-list=\"bullet\">Sparsamer Holzverbrauch<\/li>\n<li data-list=\"bullet\">Hackschnitzelkessel sind langlebig und robust konstruiert<\/li>\n<\/ul>\n<\/div>\n<\/div>\n<p><img decoding=\"async\" src=\"\/heizsysteme\/wp-content\/uploads\/sites\/2\/2024\/07\/HEIM-Energie-HS-B-500-1500.png\" alt=\"\"><\/p>\n<h1>FAQ<\/h1>\n<ul>\n<li>\n<h3>Was passiert, wenn Hackschnitzel zu feucht sind?<\/h3>\n<div>\n<p>Nasse Hackschnitzel f\u00fchren zu einer Reduktion des Wirkungsgrades und zu erh\u00f6hten Emissionen. Weiter f\u00fchrt es zu einem h\u00f6heren Verschleiss des Brennraumes. Daher wird empfohlen Hackschnitzel mit einem Wassergehalt von nicht mehr als 30% zu verwenden.<\/p>\n<\/div>\n<\/li>\n<li>\n<h3> Wie oft muss eine Hackschnitzkessel gewartet werden?<\/h3>\n<div>\n<p>Es ist empfehlenswert den Kessel regelm\u00e4ssig zu reinigen, um die Effizienz nicht zu beeintr\u00e4chtigen. Die Reinigung sollte je nach Verschmutzungsgrad und Nutzung erfolgen. Eine j\u00e4hrliche Reinigung in Kombination mit dem Kaminfeger Besuch ist empfehlenswert. Die Ascheschublade ist zu leeren, sobald diese voll ist.<\/p>\n<\/div>\n<\/li>\n<li>\n<h3>Kann ich auch selbst Hackschnitzel produzieren? <\/h3>\n<div>\n<p>Ja, man kann die Hackschnitzel grunds\u00e4tzlich auch selbst produzieren. Zu beachten ist dabei, dass man geeignetes Holz verwendet und die Anforderungen des Kesselherstellers an die Hackschnitzel einh\u00e4lt.<\/p>\n<\/div>\n<\/li>\n<\/ul>\n<h2>Unsere Hackschnitzelkessel<\/h2>\n<div>\n<\/div>\n<h5>Finde eine L\u00f6sung, die zu dir passt<\/h5>\n<h2>Wir beraten dich gerne unverbindlich<\/h2>\n<p><p>\n        <a href=\"\/heizsysteme\/kontakt\/\">Kontaktiere uns unverbindlich <\/a>\n    <\/p>\n<\/p>\n<ul>\n<li>\n<h3>W\u00e4rmepumpen<\/h3>\n<div>\n<p><span>W\u00e4rmepumpen f\u00fcr jeden Bedarf und jede Leistungsklasse, vom Einfamilienhaus bis hin zu Industrieanlagen.<\/span><\/p>\n<\/div>\n<\/li>\n<li>\n<h3>Solarenergie<\/h3>\n<div>\n<p><span>Unsere Solarl\u00f6sungen helfen dir, nachhaltig und kostensparend Strom zu produzieren, diese zu speichern und intelligent zu nutzen.<\/span><\/p>\n<\/div>\n<\/li>\n<li>\n<h3>Holzenergie<\/h3>\n<div>\n<p><span>Unsere Holzfeuerungs-Systeme liefern effiziente W\u00e4rme f\u00fcr unterschiedlichste Anforderungen.<\/span><\/p>\n<\/div>\n<\/li>\n<li>\n<h3>Energiespeicher<\/h3>\n<div>\n<p>Unsere Speicherl\u00f6sungen erm\u00f6glichen die effiziente Nutzung und Speicherung von Energie. Von modernen Pufferspeichern bis hin zu Eisspeichersystemen.<\/p>\n<\/div>\n<\/li>\n<\/ul>\n<p><!--more--><br \/>\n<!-- {\"type\":\"layout\",\"children\":[{\"type\":\"section\",\"props\":{\"image_position\":\"center-center\",\"style\":\"default\",\"title_breakpoint\":\"xl\",\"title_position\":\"top-left\",\"title_rotation\":\"left\",\"vertical_align\":\"middle\",\"width\":\"default\"},\"children\":[{\"type\":\"row\",\"props\":{\"layout\":\"1-3,1-3,1-3\"},\"children\":[{\"type\":\"column\",\"props\":{\"image_position\":\"center-center\",\"position_sticky_breakpoint\":\"m\",\"width_medium\":\"1-3\"},\"children\":[{\"type\":\"headline\",\"props\":{\"content\":\"<span>Hackschnitzel&shy;kessel<\\\/span>\",\"title_element\":\"h1\",\"title_style\":\"h1\"}},{\"type\":\"text\",\"props\":{\"column_breakpoint\":\"m\",\"content\":\"\n\n<p><span>Die HEIM Energie Hackschnitzelheizungen sind durch ihre Bauweise (schon ab 80 kW Leistung mit dem hochwertigen Treppenrost) flexibel f\\u00fcr verschiedene Brennstoffarten und Qualit\\u00e4ten einsetzbar. Sie sind dar\\u00fcber hinaus unschlagbar kompakt und verf\\u00fcgen \\u00fcber einen integrierten Feinstaubfilter bis 500 kW Leistung.<\\\/span><\\\/p>\",\"margin\":\"default\"}},{\"type\":\"button\",\"props\":{\"grid_column_gap\":\"small\",\"grid_row_gap\":\"small\",\"margin\":\"default\"},\"children\":[{\"type\":\"button_item\",\"props\":{\"button_style\":\"default\",\"content\":\"Unsere Hackschnitzelkessel\",\"dialog_layout\":\"modal\",\"dialog_offcanvas_flip\":true,\"icon_align\":\"left\",\"link\":\"#unsere-hackschnitzelkessel\"}}]}]},{\"type\":\"column\",\"props\":{\"image_position\":\"center-center\",\"position_sticky_breakpoint\":\"m\",\"style\":\"tile-secondary\",\"width_medium\":\"1-3\"},\"children\":[{\"type\":\"panel\",\"props\":{\"content\":\"\n\n<ul>\\n\n\n<li data-list=\\\"bullet\\\">Hackschnitzelheizungen haben einen sehr hohen Wirkungsgrad<\\\/li>\\n\n\n<li data-list=\\\"bullet\\\">Hackschnitzel ist ein nachhaltig nachwachsender Brennstoff, der CO2-neutral verbrennt.<\\\/li>\\n\n\n<li data-list=\\\"bullet\\\">Sparsamer Holzverbrauch<\\\/li>\\n\n\n<li data-list=\\\"bullet\\\">Hackschnitzelkessel sind langlebig und robust konstruiert<\\\/li>\\n<\\\/ul>\",\"content_column_breakpoint\":\"m\",\"icon_width\":80,\"image_align\":\"top\",\"image_grid_breakpoint\":\"m\",\"image_grid_width\":\"1-2\",\"image_svg_color\":\"emphasis\",\"link_style\":\"default\",\"link_text\":\"Read more\",\"margin\":\"default\",\"meta\":\"\",\"meta_align\":\"below-title\",\"meta_element\":\"div\",\"meta_style\":\"text-meta\",\"title\":\"Vorteile\",\"title_align\":\"top\",\"title_element\":\"h3\",\"title_grid_breakpoint\":\"m\",\"title_grid_width\":\"1-2\",\"title_hover_style\":\"reset\"},\"name\":\"Panel-Vorteile\"}]},{\"type\":\"column\",\"props\":{\"class\":\"uk-visible@s\\t\",\"image\":\"wp-content\\\/uploads\\\/sites\\\/2\\\/2024\\\/07\\\/HEIM-Energie-HS-B-500-1500.png\",\"image_height\":\"750\",\"image_position\":\"center-center\",\"image_size\":\"height-1-1\",\"image_width\":\"750\",\"position_sticky_breakpoint\":\"m\",\"width_medium\":\"1-3\"}}]},{\"type\":\"row\",\"props\":{\"class\":\"uk-hidden@s\"},\"children\":[{\"type\":\"column\",\"props\":{\"image_position\":\"center-center\",\"position_sticky_breakpoint\":\"m\"},\"children\":[{\"type\":\"image\",\"props\":{\"image\":\"wp-content\\\/uploads\\\/sites\\\/2\\\/2024\\\/07\\\/HEIM-Energie-HS-B-500-1500.png\",\"image_svg_color\":\"emphasis\",\"margin\":\"default\"}}]}]}],\"name\":\"Einleitungsbereich Produkte\"},{\"type\":\"section\",\"props\":{\"image_position\":\"center-center\",\"style\":\"default\",\"title_breakpoint\":\"xl\",\"title_position\":\"top-left\",\"title_rotation\":\"left\",\"vertical_align\":\"middle\",\"width\":\"default\"},\"children\":[{\"type\":\"row\",\"children\":[{\"type\":\"column\",\"props\":{\"image_position\":\"center-center\",\"position_sticky_breakpoint\":\"m\"},\"children\":[{\"type\":\"headline\",\"props\":{\"content\":\"FAQ\",\"title_element\":\"h1\"}},{\"type\":\"accordion_str_data\",\"props\":{\"collapsible\":true,\"content_column_breakpoint\":\"m\",\"image_align\":\"top\",\"image_grid_breakpoint\":\"m\",\"image_grid_width\":\"1-2\",\"image_svg_color\":\"emphasis\",\"link_style\":\"default\",\"link_text\":\"Read more\",\"show_image\":true,\"show_link\":true},\"children\":[{\"type\":\"accordion_str_data_item\",\"props\":{\"content\":\"\n\n<p>Nasse Hackschnitzel f\\u00fchren zu einer Reduktion des Wirkungsgrades und zu erh\\u00f6hten Emissionen. Weiter f\\u00fchrt es zu einem h\\u00f6heren Verschleiss des Brennraumes. Daher wird empfohlen Hackschnitzel mit einem Wassergehalt von nicht mehr als 30% zu verwenden.<\\\/p>\",\"title\":\"Was passiert, wenn Hackschnitzel zu feucht sind?\"}},{\"type\":\"accordion_str_data_item\",\"props\":{\"content\":\"\n\n<p>Es ist empfehlenswert den Kessel regelm\\u00e4ssig zu reinigen, um die Effizienz nicht zu beeintr\\u00e4chtigen. Die Reinigung sollte je nach Verschmutzungsgrad und Nutzung erfolgen. Eine j\\u00e4hrliche Reinigung in Kombination mit dem Kaminfeger Besuch ist empfehlenswert. Die Ascheschublade ist zu leeren, sobald diese voll ist.<\\\/p>\",\"title\":\" Wie oft muss eine Hackschnitzkessel gewartet werden?\"}},{\"type\":\"accordion_str_data_item\",\"props\":{\"content\":\"\n\n<p>Ja, man kann die Hackschnitzel grunds\\u00e4tzlich auch selbst produzieren. Zu beachten ist dabei, dass man geeignetes Holz verwendet und die Anforderungen des Kesselherstellers an die Hackschnitzel einh\\u00e4lt.<\\\/p>\",\"title\":\"Kann ich auch selbst Hackschnitzel produzieren? \"}}]}]}]}]},{\"type\":\"section\",\"props\":{\"image_position\":\"center-center\",\"style\":\"default\",\"title_breakpoint\":\"xl\",\"title_position\":\"top-left\",\"title_rotation\":\"left\",\"vertical_align\":\"\",\"width\":\"\"},\"children\":[{\"type\":\"row\",\"children\":[{\"type\":\"column\",\"props\":{\"image_position\":\"center-center\",\"position_sticky_breakpoint\":\"m\"},\"children\":[{\"type\":\"headline\",\"props\":{\"content\":\"Unsere Hackschnitzelkessel\",\"title_color\":\"primary\",\"title_element\":\"h2\",\"title_style\":\"h2\"}},{\"type\":\"grid\",\"props\":{\"content_column_breakpoint\":\"m\",\"filter_align\":\"left\",\"filter_all\":true,\"filter_grid_breakpoint\":\"m\",\"filter_grid_width\":\"auto\",\"filter_position\":\"top\",\"filter_style\":\"tab\",\"grid_default\":\"1\",\"grid_medium\":\"4\",\"icon_width\":80,\"image_align\":\"top\",\"image_grid_breakpoint\":\"m\",\"image_grid_width\":\"1-2\",\"image_link\":true,\"image_loading\":false,\"image_svg_color\":\"emphasis\",\"image_transition\":\"scale-up\",\"image_transition_border\":true,\"item_animation\":true,\"lightbox_bg_close\":true,\"link_style\":\"danger\",\"link_text\":\"Zum Produkt\",\"margin\":\"default\",\"meta_align\":\"below-title\",\"meta_element\":\"div\",\"meta_style\":\"text-meta\",\"panel_image_no_padding\":true,\"panel_padding\":\"default\",\"panel_style\":\"card-default\",\"show_content\":true,\"show_hover_image\":true,\"show_hover_video\":true,\"show_image\":true,\"show_link\":true,\"show_meta\":true,\"show_title\":true,\"show_video\":true,\"title_align\":\"top\",\"title_element\":\"h2\",\"title_grid_breakpoint\":\"m\",\"title_grid_width\":\"1-2\",\"title_hover_style\":\"reset\",\"title_style\":\"h5\"},\"children\":[{\"type\":\"grid_item\",\"source\":{\"query\":{\"name\":\"productss.customProductss\",\"arguments\":{\"terms\":[38],\"product_categories_operator\":\"IN\",\"users\":[],\"users_operator\":\"IN\",\"offset\":0,\"limit\":10,\"order\":\"date\",\"order_direction\":\"DESC\"}},\"props\":{\"title\":{\"filters\":{\"search\":\"\"},\"name\":\"title\"},\"image\":{\"filters\":{\"search\":\"\"},\"name\":\"field.product_image_group.product_image.url\"},\"image_alt\":{\"filters\":{\"search\":\"\"},\"name\":\"field.product_image_group.product_image.alt\"},\"link\":{\"filters\":{\"search\":\"\"},\"name\":\"link\"},\"content\":{\"filters\":{\"search\":\"\"},\"name\":\"field.product_teaser\"}}}}]}]}],\"props\":{\"id\":\"unsere-hackschnitzelkessel\",\"width\":\"default\"}}],\"name\":\"Produkte \\u00dcbersicht Teaser\"},{\"type\":\"section\",\"props\":{\"id\":\"unserevorteile\",\"image_position\":\"center-center\",\"style\":\"muted\",\"title_breakpoint\":\"xl\",\"title_position\":\"top-left\",\"title_rotation\":\"left\",\"vertical_align\":\"\",\"width\":\"large\"},\"children\":[{\"type\":\"row\",\"props\":{\"layout\":\"2-5,3-5\"},\"children\":[{\"type\":\"column\",\"props\":{\"image_position\":\"center-center\",\"position_sticky_breakpoint\":\"m\",\"width_medium\":\"2-5\"},\"children\":[{\"type\":\"headline\",\"props\":{\"content\":\"Finde eine L\\u00f6sung, die zu dir passt\",\"margin_remove_bottom\":true,\"margin_remove_top\":true,\"title_element\":\"h5\",\"title_style\":\"h4\"}},{\"type\":\"headline\",\"props\":{\"content\":\"Wir beraten dich gerne unverbindlich\",\"margin\":\"small\",\"margin_remove_top\":true,\"title_element\":\"h2\",\"title_style\":\"h1\"}},{\"type\":\"button\",\"props\":{\"grid_column_gap\":\"small\",\"grid_row_gap\":\"small\",\"margin\":\"default\"},\"children\":[{\"type\":\"button_item\",\"props\":{\"button_style\":\"default\",\"content\":\"Kontaktiere uns unverbindlich \",\"dialog_layout\":\"modal\",\"dialog_offcanvas_flip\":true,\"icon_align\":\"left\",\"link\":\"kontakt\\\/\"}}]}]},{\"type\":\"column\",\"props\":{\"image_position\":\"center-center\",\"position_sticky_breakpoint\":\"m\",\"width_medium\":\"3-5\"},\"children\":[{\"type\":\"grid\",\"props\":{\"animation\":\"parallax\",\"content_column_breakpoint\":\"m\",\"filter_align\":\"left\",\"filter_all\":true,\"filter_grid_breakpoint\":\"m\",\"filter_grid_width\":\"auto\",\"filter_position\":\"top\",\"filter_style\":\"tab\",\"grid_column_gap\":\"large\",\"grid_default\":\"1\",\"grid_medium\":\"2\",\"grid_row_gap\":\"large\",\"grid_small\":\"2\",\"icon_width\":80,\"image_align\":\"top\",\"image_grid_breakpoint\":\"m\",\"image_grid_width\":\"1-2\",\"image_svg_color\":\"emphasis\",\"item_animation\":true,\"lightbox_bg_close\":true,\"link_style\":\"primary\",\"link_text\":\"Show more\",\"margin\":\"\",\"meta_align\":\"below-title\",\"meta_element\":\"div\",\"meta_style\":\"text-meta\",\"parallax_breakpoint\":\"m\",\"parallax_easing\":\"1\",\"parallax_y\":\"0,0\",\"show_content\":true,\"show_hover_image\":true,\"show_hover_video\":true,\"show_image\":true,\"show_link\":true,\"show_meta\":true,\"show_title\":true,\"show_video\":true,\"title_align\":\"top\",\"title_color\":\"primary\",\"title_element\":\"h3\",\"title_grid_breakpoint\":\"m\",\"title_grid_width\":\"1-2\",\"title_hover_style\":\"reset\",\"title_style\":\"h4\"},\"children\":[{\"type\":\"grid_item\",\"props\":{\"content\":\"\n\n<p><span>W\\u00e4rmepumpen f\\u00fcr jeden Bedarf und jede Leistungsklasse, vom Einfamilienhaus bis hin zu Industrieanlagen.<\\\/span><\\\/p>\",\"title\":\"W\\u00e4rmepumpen\"}},{\"type\":\"grid_item\",\"props\":{\"content\":\"\n\n<p><span>Unsere Solarl\\u00f6sungen helfen dir, nachhaltig und kostensparend Strom zu produzieren, diese zu speichern und intelligent zu nutzen.<\\\/span><\\\/p>\",\"title\":\"Solarenergie\"}},{\"type\":\"grid_item\",\"props\":{\"content\":\"\n\n<p><span>Unsere Holzfeuerungs-Systeme liefern effiziente W\\u00e4rme f\\u00fcr unterschiedlichste Anforderungen.<\\\/span><\\\/p>\",\"title\":\"Holzenergie\"}},{\"type\":\"grid_item\",\"props\":{\"content\":\"\n\n<p>Unsere Speicherl\\u00f6sungen erm\\u00f6glichen die effiziente Nutzung und Speicherung von Energie. Von modernen Pufferspeichern bis hin zu Eisspeichersystemen.<\\\/p>\",\"title\":\"Energiespeicher\"}}]}]}]}],\"name\":\"Wir beraten dich gerne Section\"}],\"version\":\"4.5.33\"} --><\/p>\n","protected":false},"excerpt":{"rendered":"<p>Hackschnitzel&shy;kessel Die HEIM Energie Hackschnitzelheizungen sind durch ihre Bauweise (schon ab 80 kW Leistung mit dem hochwertigen Treppenrost) flexibel f\u00fcr verschiedene Brennstoffarten und Qualit\u00e4ten einsetzbar. Sie sind dar\u00fcber hinaus unschlagbar kompakt und verf\u00fcgen \u00fcber einen integrierten Feinstaubfilter bis 500 kW Leistung. Unsere Hackschnitzelkessel Vorteile Hackschnitzelheizungen haben einen sehr hohen Wirkungsgrad Hackschnitzel ist ein nachhaltig nachwachsender [&hellip;]<\/p>\n","protected":false},"author":6,"featured_media":0,"parent":5196,"menu_order":3,"comment_status":"closed","ping_status":"closed","template":"","meta":{"_acf_changed":false,"footnotes":""},"class_list":["post-1254","page","type-page","status-publish","hentry"],"acf":[],"yoast_head":"<!-- This site is optimized with the Yoast SEO plugin v27.4 - https:\/\/yoast.com\/product\/yoast-seo-wordpress\/ -->\n<title>Hackschnitzelkessel - Heim AG Heizsysteme<\/title>\n<meta name=\"description\" content=\"Die HEIM Hackschnitzelkessel als Heizungen sind durch ihre Bauweise flexibel f\u00fcr verschiedene Brennstoffarten und Qualit\u00e4ten einsetzbar\" \/>\n<meta name=\"robots\" content=\"index, follow, max-snippet:-1, max-image-preview:large, max-video-preview:-1\" \/>\n<link rel=\"canonical\" href=\"https:\/\/www.heim-ag.ch\/heizsysteme\/produkte-loesungen\/holzfeuerungen\/hackschnitzelkessel\/\" \/>\n<meta property=\"og:locale\" content=\"de_DE\" \/>\n<meta property=\"og:type\" content=\"article\" \/>\n<meta property=\"og:title\" content=\"Hackschnitzelkessel - Heim AG Heizsysteme\" \/>\n<meta property=\"og:description\" content=\"Die HEIM Hackschnitzelkessel als Heizungen sind durch ihre Bauweise flexibel f\u00fcr verschiedene Brennstoffarten und Qualit\u00e4ten einsetzbar\" \/>\n<meta property=\"og:url\" content=\"https:\/\/www.heim-ag.ch\/heizsysteme\/produkte-loesungen\/holzfeuerungen\/hackschnitzelkessel\/\" \/>\n<meta property=\"og:site_name\" content=\"Heim AG Heizsysteme\" \/>\n<meta property=\"article:modified_time\" content=\"2026-04-08T08:26:31+00:00\" \/>\n<meta property=\"og:image\" content=\"https:\/\/www.heim-ag.ch\/heizsysteme\/wp-content\/uploads\/sites\/2\/2024\/08\/heim-ag-logo-website-bild.jpg\" \/>\n\t<meta property=\"og:image:width\" content=\"1200\" \/>\n\t<meta property=\"og:image:height\" content=\"675\" \/>\n\t<meta property=\"og:image:type\" content=\"image\/jpeg\" \/>\n<meta name=\"twitter:card\" content=\"summary_large_image\" \/>\n<meta name=\"twitter:label1\" content=\"Gesch\u00e4tzte Lesezeit\" \/>\n\t<meta name=\"twitter:data1\" content=\"1\u00a0Minute\" \/>\n<script type=\"application\/ld+json\" class=\"yoast-schema-graph\">{\"@context\":\"https:\\\/\\\/schema.org\",\"@graph\":[{\"@type\":\"WebPage\",\"@id\":\"https:\\\/\\\/www.heim-ag.ch\\\/heizsysteme\\\/produkte-loesungen\\\/holzfeuerungen\\\/hackschnitzelkessel\\\/\",\"url\":\"https:\\\/\\\/www.heim-ag.ch\\\/heizsysteme\\\/produkte-loesungen\\\/holzfeuerungen\\\/hackschnitzelkessel\\\/\",\"name\":\"Hackschnitzelkessel - Heim AG Heizsysteme\",\"isPartOf\":{\"@id\":\"https:\\\/\\\/www.heim-ag.ch\\\/heizsysteme\\\/#website\"},\"datePublished\":\"2024-04-22T06:17:41+00:00\",\"dateModified\":\"2026-04-08T08:26:31+00:00\",\"description\":\"Die HEIM Hackschnitzelkessel als Heizungen sind durch ihre Bauweise flexibel f\u00fcr verschiedene Brennstoffarten und Qualit\u00e4ten einsetzbar\",\"breadcrumb\":{\"@id\":\"https:\\\/\\\/www.heim-ag.ch\\\/heizsysteme\\\/produkte-loesungen\\\/holzfeuerungen\\\/hackschnitzelkessel\\\/#breadcrumb\"},\"inLanguage\":\"de\",\"potentialAction\":[{\"@type\":\"ReadAction\",\"target\":[\"https:\\\/\\\/www.heim-ag.ch\\\/heizsysteme\\\/produkte-loesungen\\\/holzfeuerungen\\\/hackschnitzelkessel\\\/\"]}]},{\"@type\":\"BreadcrumbList\",\"@id\":\"https:\\\/\\\/www.heim-ag.ch\\\/heizsysteme\\\/produkte-loesungen\\\/holzfeuerungen\\\/hackschnitzelkessel\\\/#breadcrumb\",\"itemListElement\":[{\"@type\":\"ListItem\",\"position\":1,\"name\":\"Startseite\",\"item\":\"https:\\\/\\\/www.heim-ag.ch\\\/heizsysteme\\\/\"},{\"@type\":\"ListItem\",\"position\":2,\"name\":\"Produkte &#038; L\u00f6sungen\",\"item\":\"https:\\\/\\\/www.heim-ag.ch\\\/heizsysteme\\\/produkte-loesungen\\\/\"},{\"@type\":\"ListItem\",\"position\":3,\"name\":\"Holzfeuerungen\",\"item\":\"https:\\\/\\\/www.heim-ag.ch\\\/heizsysteme\\\/produkte-loesungen\\\/holzfeuerungen\\\/\"},{\"@type\":\"ListItem\",\"position\":4,\"name\":\"Hackschnitzelkessel\"}]},{\"@type\":\"WebSite\",\"@id\":\"https:\\\/\\\/www.heim-ag.ch\\\/heizsysteme\\\/#website\",\"url\":\"https:\\\/\\\/www.heim-ag.ch\\\/heizsysteme\\\/\",\"name\":\"Heim AG Heizsysteme\",\"description\":\"Ganzheitlicher Partner f\u00fcr Energiel\u00f6sungen: erneuerbar und lokal\",\"publisher\":{\"@id\":\"https:\\\/\\\/www.heim-ag.ch\\\/heizsysteme\\\/#organization\"},\"alternateName\":\"Heim AG\",\"potentialAction\":[{\"@type\":\"SearchAction\",\"target\":{\"@type\":\"EntryPoint\",\"urlTemplate\":\"https:\\\/\\\/www.heim-ag.ch\\\/heizsysteme\\\/?s={search_term_string}\"},\"query-input\":{\"@type\":\"PropertyValueSpecification\",\"valueRequired\":true,\"valueName\":\"search_term_string\"}}],\"inLanguage\":\"de\"},{\"@type\":\"Organization\",\"@id\":\"https:\\\/\\\/www.heim-ag.ch\\\/heizsysteme\\\/#organization\",\"name\":\"Heim AG Heizsysteme\",\"alternateName\":\"Heim AG\",\"url\":\"https:\\\/\\\/www.heim-ag.ch\\\/heizsysteme\\\/\",\"logo\":{\"@type\":\"ImageObject\",\"inLanguage\":\"de\",\"@id\":\"https:\\\/\\\/www.heim-ag.ch\\\/heizsysteme\\\/#\\\/schema\\\/logo\\\/image\\\/\",\"url\":\"https:\\\/\\\/www.heim-ag.ch\\\/heizsysteme\\\/wp-content\\\/uploads\\\/sites\\\/2\\\/2024\\\/08\\\/heim-ag-logo-organisations-logo.jpg\",\"contentUrl\":\"https:\\\/\\\/www.heim-ag.ch\\\/heizsysteme\\\/wp-content\\\/uploads\\\/sites\\\/2\\\/2024\\\/08\\\/heim-ag-logo-organisations-logo.jpg\",\"width\":696,\"height\":697,\"caption\":\"Heim AG Heizsysteme\"},\"image\":{\"@id\":\"https:\\\/\\\/www.heim-ag.ch\\\/heizsysteme\\\/#\\\/schema\\\/logo\\\/image\\\/\"}}]}<\/script>\n<!-- \/ Yoast SEO plugin. -->","yoast_head_json":{"title":"Hackschnitzelkessel - Heim AG Heizsysteme","description":"Die HEIM Hackschnitzelkessel als Heizungen sind durch ihre Bauweise flexibel f\u00fcr verschiedene Brennstoffarten und Qualit\u00e4ten einsetzbar","robots":{"index":"index","follow":"follow","max-snippet":"max-snippet:-1","max-image-preview":"max-image-preview:large","max-video-preview":"max-video-preview:-1"},"canonical":"https:\/\/www.heim-ag.ch\/heizsysteme\/produkte-loesungen\/holzfeuerungen\/hackschnitzelkessel\/","og_locale":"de_DE","og_type":"article","og_title":"Hackschnitzelkessel - Heim AG Heizsysteme","og_description":"Die HEIM Hackschnitzelkessel als Heizungen sind durch ihre Bauweise flexibel f\u00fcr verschiedene Brennstoffarten und Qualit\u00e4ten einsetzbar","og_url":"https:\/\/www.heim-ag.ch\/heizsysteme\/produkte-loesungen\/holzfeuerungen\/hackschnitzelkessel\/","og_site_name":"Heim AG Heizsysteme","article_modified_time":"2026-04-08T08:26:31+00:00","og_image":[{"width":1200,"height":675,"url":"https:\/\/www.heim-ag.ch\/heizsysteme\/wp-content\/uploads\/sites\/2\/2024\/08\/heim-ag-logo-website-bild.jpg","type":"image\/jpeg"}],"twitter_card":"summary_large_image","twitter_misc":{"Gesch\u00e4tzte Lesezeit":"1\u00a0Minute"},"schema":{"@context":"https:\/\/schema.org","@graph":[{"@type":"WebPage","@id":"https:\/\/www.heim-ag.ch\/heizsysteme\/produkte-loesungen\/holzfeuerungen\/hackschnitzelkessel\/","url":"https:\/\/www.heim-ag.ch\/heizsysteme\/produkte-loesungen\/holzfeuerungen\/hackschnitzelkessel\/","name":"Hackschnitzelkessel - Heim AG Heizsysteme","isPartOf":{"@id":"https:\/\/www.heim-ag.ch\/heizsysteme\/#website"},"datePublished":"2024-04-22T06:17:41+00:00","dateModified":"2026-04-08T08:26:31+00:00","description":"Die HEIM Hackschnitzelkessel als Heizungen sind durch ihre Bauweise flexibel f\u00fcr verschiedene Brennstoffarten und Qualit\u00e4ten einsetzbar","breadcrumb":{"@id":"https:\/\/www.heim-ag.ch\/heizsysteme\/produkte-loesungen\/holzfeuerungen\/hackschnitzelkessel\/#breadcrumb"},"inLanguage":"de","potentialAction":[{"@type":"ReadAction","target":["https:\/\/www.heim-ag.ch\/heizsysteme\/produkte-loesungen\/holzfeuerungen\/hackschnitzelkessel\/"]}]},{"@type":"BreadcrumbList","@id":"https:\/\/www.heim-ag.ch\/heizsysteme\/produkte-loesungen\/holzfeuerungen\/hackschnitzelkessel\/#breadcrumb","itemListElement":[{"@type":"ListItem","position":1,"name":"Startseite","item":"https:\/\/www.heim-ag.ch\/heizsysteme\/"},{"@type":"ListItem","position":2,"name":"Produkte &#038; L\u00f6sungen","item":"https:\/\/www.heim-ag.ch\/heizsysteme\/produkte-loesungen\/"},{"@type":"ListItem","position":3,"name":"Holzfeuerungen","item":"https:\/\/www.heim-ag.ch\/heizsysteme\/produkte-loesungen\/holzfeuerungen\/"},{"@type":"ListItem","position":4,"name":"Hackschnitzelkessel"}]},{"@type":"WebSite","@id":"https:\/\/www.heim-ag.ch\/heizsysteme\/#website","url":"https:\/\/www.heim-ag.ch\/heizsysteme\/","name":"Heim AG Heizsysteme","description":"Ganzheitlicher Partner f\u00fcr Energiel\u00f6sungen: erneuerbar und lokal","publisher":{"@id":"https:\/\/www.heim-ag.ch\/heizsysteme\/#organization"},"alternateName":"Heim AG","potentialAction":[{"@type":"SearchAction","target":{"@type":"EntryPoint","urlTemplate":"https:\/\/www.heim-ag.ch\/heizsysteme\/?s={search_term_string}"},"query-input":{"@type":"PropertyValueSpecification","valueRequired":true,"valueName":"search_term_string"}}],"inLanguage":"de"},{"@type":"Organization","@id":"https:\/\/www.heim-ag.ch\/heizsysteme\/#organization","name":"Heim AG Heizsysteme","alternateName":"Heim AG","url":"https:\/\/www.heim-ag.ch\/heizsysteme\/","logo":{"@type":"ImageObject","inLanguage":"de","@id":"https:\/\/www.heim-ag.ch\/heizsysteme\/#\/schema\/logo\/image\/","url":"https:\/\/www.heim-ag.ch\/heizsysteme\/wp-content\/uploads\/sites\/2\/2024\/08\/heim-ag-logo-organisations-logo.jpg","contentUrl":"https:\/\/www.heim-ag.ch\/heizsysteme\/wp-content\/uploads\/sites\/2\/2024\/08\/heim-ag-logo-organisations-logo.jpg","width":696,"height":697,"caption":"Heim AG Heizsysteme"},"image":{"@id":"https:\/\/www.heim-ag.ch\/heizsysteme\/#\/schema\/logo\/image\/"}}]}},"_links":{"self":[{"href":"https:\/\/www.heim-ag.ch\/heizsysteme\/wp-json\/wp\/v2\/pages\/1254","targetHints":{"allow":["GET"]}}],"collection":[{"href":"https:\/\/www.heim-ag.ch\/heizsysteme\/wp-json\/wp\/v2\/pages"}],"about":[{"href":"https:\/\/www.heim-ag.ch\/heizsysteme\/wp-json\/wp\/v2\/types\/page"}],"author":[{"embeddable":true,"href":"https:\/\/www.heim-ag.ch\/heizsysteme\/wp-json\/wp\/v2\/users\/6"}],"replies":[{"embeddable":true,"href":"https:\/\/www.heim-ag.ch\/heizsysteme\/wp-json\/wp\/v2\/comments?post=1254"}],"version-history":[{"count":21,"href":"https:\/\/www.heim-ag.ch\/heizsysteme\/wp-json\/wp\/v2\/pages\/1254\/revisions"}],"predecessor-version":[{"id":23289,"href":"https:\/\/www.heim-ag.ch\/heizsysteme\/wp-json\/wp\/v2\/pages\/1254\/revisions\/23289"}],"up":[{"embeddable":true,"href":"https:\/\/www.heim-ag.ch\/heizsysteme\/wp-json\/wp\/v2\/pages\/5196"}],"wp:attachment":[{"href":"https:\/\/www.heim-ag.ch\/heizsysteme\/wp-json\/wp\/v2\/media?parent=1254"}],"curies":[{"name":"wp","href":"https:\/\/api.w.org\/{rel}","templated":true}]}}