{"id":316,"date":"2024-02-16T11:55:05","date_gmt":"2024-02-16T10:55:05","guid":{"rendered":"https:\/\/stage.heim-ag.ch\/heizsysteme\/?page_id=316"},"modified":"2025-03-19T07:28:00","modified_gmt":"2025-03-19T06:28:00","slug":"service-hotline","status":"publish","type":"page","link":"https:\/\/www.heim-ag.ch\/heizsysteme\/kundendienst\/service-hotline\/","title":{"rendered":"Hotline"},"content":{"rendered":"<p><img decoding=\"async\" src=\"\/heizsysteme\/wp-content\/uploads\/sites\/2\/2024\/02\/2015-11-20-heimag-icon-startseite-tag-nacht.svg\" alt=\"\"><\/p>\n<div>\n<h1>Service-Hotline: <\/p>\n<p><a href=\"tel:+41523697090\">052 369 70 90<\/a><\/h1>\n<div>\n<p>Der sofortige Einsatz unseres ausgebildeten Service-Teams erm\u00f6glicht im Notfall eine rasche und umfassende Schadensbehebung.<\/p>\n<p><strong>Pikettdienst: 24\/7 f\u00fcr dich da!<br \/><\/strong><strong><\/strong><\/p>\n<\/div>\n<\/div>\n<p><p>\n        <a href=\"mailto:kundendienst@heim-ag.ch\">Kontaktformular<\/a>\n    <\/p>\n<\/p>\n<p>[nut]<\/p>\n<div>\n<h3>Ersatzteilbestellung<\/h3>\n<div>\n<p>\u00dcber unseren 24-Stunden-Kundendienst sind in unserem Ersatzteillager \u00fcber 1000 verschiedene neue und \u00e4ltere Bauteile abrufbar.<\/p>\n<\/div>\n<\/div>\n<p><p>\n        <a href=\"https:\/\/www.heim-ag.ch\/heizsysteme\/ersatzteilbestellung\/\">Ersatzteil anfordern<\/a>\n    <\/p>\n<\/p>\n<p>[question]<\/p>\n<div>\n<h3>Sofort-Hilfe<\/h3>\n<div>\n<p>Unsere FAQs und HEIMwerker Tutorials bieten dir einfache L\u00f6sungen und praktische Hilfe f\u00fcr dein Heizsystem.<\/p>\n<\/div>\n<\/div>\n<ul>\n<li>\n<p>\n        <a href=\"\/heizsysteme\/wissen-ratgeber\/heimwerker-tutorials\/\">HEIMwerker-Tutorials<\/a>\n    <\/p>\n<\/li>\n<li>\n<p>\n        <a href=\"\/heizsysteme\/wissen-ratgeber\/faq\/\">FAQs<\/a>\n    <\/p>\n<\/li>\n<\/ul>\n<p><!--more--><br \/>\n<!-- {\"type\":\"layout\",\"children\":[{\"type\":\"section\",\"props\":{\"image_position\":\"center-center\",\"style\":\"default\",\"title_breakpoint\":\"xl\",\"title_position\":\"top-left\",\"title_rotation\":\"left\",\"vertical_align\":\"\",\"width\":\"large\"},\"children\":[{\"type\":\"row\",\"props\":{\"layout\":\"1-3,1-3,1-3\",\"width\":\"xlarge\"},\"children\":[{\"type\":\"column\",\"props\":{\"image_position\":\"center-center\",\"position_sticky_breakpoint\":\"m\",\"style\":\"tile-primary\",\"width_medium\":\"1-3\"},\"children\":[{\"type\":\"image\",\"props\":{\"image\":\"wp-content\\\/uploads\\\/sites\\\/2\\\/2024\\\/02\\\/2015-11-20-heimag-icon-startseite-tag-nacht.svg\",\"image_height\":\"250\",\"image_svg_color\":\"emphasis\",\"margin\":\"default\",\"text_align\":\"center\"}},{\"type\":\"panel\",\"props\":{\"content\":\"\n\n<p>Der sofortige Einsatz unseres ausgebildeten Service-Teams erm\\u00f6glicht im Notfall eine rasche und umfassende Schadensbehebung.<\\\/p>\\n\n\n<p><strong>Pikettdienst: 24\\\/7 f\\u00fcr dich da!<br \\\/><\\\/strong><strong><\\\/strong><\\\/p>\",\"content_column_breakpoint\":\"m\",\"icon_width\":80,\"image_align\":\"top\",\"image_grid_breakpoint\":\"m\",\"image_grid_width\":\"1-2\",\"image_svg_color\":\"emphasis\",\"link_style\":\"default\",\"link_text\":\"Read more\",\"margin\":\"default\",\"meta\":\"\",\"meta_align\":\"below-title\",\"meta_element\":\"div\",\"meta_style\":\"text-meta\",\"text_align\":\"left\",\"text_align_breakpoint\":\"m\",\"text_align_fallback\":\"center\",\"title\":\"Service-Hotline: \n\n<p><a href=\\\"tel:+41523697090\\\">052 369 70 90<\\\/a>\",\"title_align\":\"top\",\"title_color\":\"primary\",\"title_element\":\"h1\",\"title_grid_breakpoint\":\"m\",\"title_grid_width\":\"1-2\",\"title_hover_style\":\"reset\",\"title_style\":\"h3\"}},{\"type\":\"button\",\"props\":{\"grid_column_gap\":\"small\",\"grid_row_gap\":\"small\",\"margin\":\"default\",\"text_align\":\"left\",\"text_align_breakpoint\":\"m\",\"text_align_fallback\":\"center\"},\"children\":[{\"type\":\"button_item\",\"props\":{\"button_style\":\"primary\",\"content\":\"Kontaktformular\",\"dialog_layout\":\"modal\",\"dialog_offcanvas_flip\":true,\"icon_align\":\"left\",\"link\":\"mailto:kundendienst@heim-ag.ch\"}}]}]},{\"type\":\"column\",\"props\":{\"image_position\":\"center-center\",\"position_sticky_breakpoint\":\"m\",\"style\":\"tile-secondary\",\"width_medium\":\"1-3\"},\"children\":[{\"type\":\"icon\",\"props\":{\"icon\":\"nut\",\"icon_color\":\"primary\",\"icon_width\":\"250\",\"margin\":\"default\",\"position\":\"relative\",\"position_top\":\"-6\",\"text_align\":\"center\"}},{\"type\":\"panel\",\"props\":{\"content\":\"\n\n<p>\\u00dcber unseren 24-Stunden-Kundendienst sind in unserem Ersatzteillager \\u00fcber 1000 verschiedene neue und \\u00e4ltere Bauteile abrufbar.<\\\/p>\",\"content_column_breakpoint\":\"m\",\"icon_width\":80,\"image_align\":\"top\",\"image_grid_breakpoint\":\"m\",\"image_grid_width\":\"1-2\",\"image_svg_color\":\"emphasis\",\"link_style\":\"default\",\"link_text\":\"Read more\",\"margin\":\"default\",\"meta\":\"\",\"meta_align\":\"below-title\",\"meta_element\":\"div\",\"meta_style\":\"text-meta\",\"text_align\":\"left\",\"text_align_breakpoint\":\"m\",\"text_align_fallback\":\"center\",\"title\":\"Ersatzteilbestellung\",\"title_align\":\"top\",\"title_element\":\"h3\",\"title_grid_breakpoint\":\"m\",\"title_grid_width\":\"1-2\",\"title_hover_style\":\"reset\"}},{\"type\":\"button\",\"props\":{\"grid_column_gap\":\"small\",\"grid_row_gap\":\"small\",\"margin\":\"default\",\"text_align\":\"left\",\"text_align_breakpoint\":\"m\",\"text_align_fallback\":\"center\"},\"children\":[{\"type\":\"button_item\",\"props\":{\"button_style\":\"primary\",\"content\":\"Ersatzteil anfordern\",\"dialog_layout\":\"modal\",\"dialog_offcanvas_flip\":true,\"icon_align\":\"left\",\"link\":\"https:\\\/\\\/www.heim-ag.ch\\\/heizsysteme\\\/ersatzteilbestellung\\\/\"}}]}]},{\"type\":\"column\",\"props\":{\"image_position\":\"center-center\",\"position_sticky_breakpoint\":\"m\",\"style\":\"tile-muted\",\"width_medium\":\"1-3\"},\"children\":[{\"type\":\"icon\",\"props\":{\"icon\":\"question\",\"icon_color\":\"primary\",\"icon_width\":\"250\",\"margin\":\"default\",\"position\":\"relative\",\"position_top\":\"-6\",\"text_align\":\"center\"}},{\"type\":\"panel\",\"props\":{\"content\":\"\n\n<p>Unsere FAQs und HEIMwerker Tutorials bieten dir einfache L\\u00f6sungen und praktische Hilfe f\\u00fcr dein Heizsystem.<\\\/p>\",\"content_column_breakpoint\":\"m\",\"icon_width\":80,\"image_align\":\"top\",\"image_grid_breakpoint\":\"m\",\"image_grid_width\":\"1-2\",\"image_svg_color\":\"emphasis\",\"link_style\":\"default\",\"link_text\":\"Read more\",\"margin\":\"default\",\"meta\":\"\",\"meta_align\":\"below-title\",\"meta_element\":\"div\",\"meta_style\":\"text-meta\",\"text_align\":\"left\",\"text_align_breakpoint\":\"m\",\"text_align_fallback\":\"center\",\"title\":\"Sofort-Hilfe\",\"title_align\":\"top\",\"title_element\":\"h3\",\"title_grid_breakpoint\":\"m\",\"title_grid_width\":\"1-2\",\"title_hover_style\":\"reset\"}},{\"type\":\"button\",\"props\":{\"grid_column_gap\":\"small\",\"grid_row_gap\":\"small\",\"margin\":\"default\",\"text_align\":\"left\",\"text_align_breakpoint\":\"m\",\"text_align_fallback\":\"center\"},\"children\":[{\"type\":\"button_item\",\"props\":{\"button_style\":\"primary\",\"content\":\"HEIMwerker-Tutorials\",\"dialog_layout\":\"modal\",\"dialog_offcanvas_flip\":true,\"icon_align\":\"left\",\"link\":\"wissen-ratgeber\\\/heimwerker-tutorials\\\/\"}},{\"type\":\"button_item\",\"props\":{\"button_style\":\"primary\",\"content\":\"FAQs\",\"dialog_layout\":\"modal\",\"dialog_offcanvas_flip\":true,\"icon_align\":\"left\",\"link\":\"wissen-ratgeber\\\/faq\\\/\"}}]}]}]}],\"name\":\"3 Teaser\"},{\"type\":\"section\",\"props\":{\"image_position\":\"center-center\",\"style\":\"default\",\"title_breakpoint\":\"xl\",\"title_position\":\"top-left\",\"title_rotation\":\"left\",\"vertical_align\":\"\",\"width\":\"large\"},\"children\":[{\"type\":\"row\",\"props\":{\"layout\":\"1-3,1-3,1-3\",\"status\":\"disabled\",\"width\":\"xlarge\"},\"children\":[{\"type\":\"column\",\"props\":{\"image_position\":\"center-center\",\"position_sticky_breakpoint\":\"m\",\"style\":\"tile-primary\",\"width_medium\":\"1-3\"},\"children\":[{\"type\":\"image\",\"props\":{\"image\":\"wp-content\\\/uploads\\\/sites\\\/2\\\/2024\\\/02\\\/2015-11-20-heimag-icon-startseite-tag-nacht.svg\",\"image_height\":\"250\",\"image_svg_color\":\"emphasis\",\"margin\":\"default\",\"text_align\":\"center\"}},{\"type\":\"panel\",\"props\":{\"content\":\"\n\n<p><strong>Pikettdienst: 24\\\/7 f\\u00fcr dich da!<br \\\/><\\\/strong><strong><a href=\\\"mailto:service@heim-ag.ch\\\">service@heim-ag.ch<\\\/a><\\\/strong><span><strong>\\u00a0<\\\/strong><\\\/span><\\\/p>\\n\n\n<p><span data-contrast=\\\"auto\\\">Jederzeit und kompetent durch<\\\/span><span data-contrast=\\\"auto\\\"> unsere intensiv geschulten Service-Teams sowie mit Hilfe von Fernwartungstools. <\\\/span><span data-ccp-props=\\\"{&quot;201341983&quot;:0,&quot;335559739&quot;:160,&quot;335559740&quot;:259}\\\">\\u00a0<\\\/span><\\\/p>\\n\n\n<p><span data-contrast=\\\"auto\\\">Zudem ist unser Service-Innendienst in der Heizsaison auch samstags f\\u00fcr Sie da.<\\\/span><\\\/p>\\n\n\n<p><strong>Service-Innendienst: <a href=\\\"https:\\\/\\\/stage.heim-ag.ch\\\/heizsysteme\\\/+41523697090\\\">052 369 70 94<\\\/a><\\\/strong><\\\/p>\\n\n\n<p><\\\/p>\",\"content_column_breakpoint\":\"m\",\"icon_width\":80,\"image_align\":\"top\",\"image_grid_breakpoint\":\"m\",\"image_grid_width\":\"1-2\",\"image_svg_color\":\"emphasis\",\"link_style\":\"default\",\"link_text\":\"Read more\",\"margin\":\"default\",\"meta\":\"\",\"meta_align\":\"below-title\",\"meta_element\":\"div\",\"meta_style\":\"text-meta\",\"title\":\"Service-Hotline: \n\n<p><a href=\\\"https:\\\/\\\/stage.heim-ag.ch\\\/heizsysteme\\\/+41523697090\\\">052 369 70 90<\\\/a>\",\"title_align\":\"top\",\"title_color\":\"primary\",\"title_element\":\"h3\",\"title_grid_breakpoint\":\"m\",\"title_grid_width\":\"1-2\",\"title_hover_style\":\"reset\"}}]},{\"type\":\"column\",\"props\":{\"image_position\":\"center-center\",\"position_sticky_breakpoint\":\"m\",\"style\":\"tile-secondary\",\"width_medium\":\"1-3\"},\"children\":[{\"type\":\"icon\",\"props\":{\"icon\":\"nut\",\"icon_color\":\"primary\",\"icon_width\":\"250\",\"margin\":\"default\",\"position\":\"relative\",\"position_top\":\"-6\",\"text_align\":\"center\"}},{\"type\":\"panel\",\"props\":{\"content\":\"\n\n<p><strong><a href=\\\"mailto:ersatzteile@heim-ag.ch\\\">ersatzteile@heim-ag.ch<\\\/a><\\\/strong><span><strong>\\u00a0<\\\/strong><\\\/span><\\\/p>\",\"content_column_breakpoint\":\"m\",\"icon_width\":80,\"image_align\":\"top\",\"image_grid_breakpoint\":\"m\",\"image_grid_width\":\"1-2\",\"image_svg_color\":\"emphasis\",\"link_style\":\"default\",\"link_text\":\"Read more\",\"margin\":\"default\",\"meta\":\"\",\"meta_align\":\"below-title\",\"meta_element\":\"div\",\"meta_style\":\"text-meta\",\"title\":\"Ersatzteilbestellung\",\"title_align\":\"top\",\"title_element\":\"h3\",\"title_grid_breakpoint\":\"m\",\"title_grid_width\":\"1-2\",\"title_hover_style\":\"reset\"}},{\"type\":\"button\",\"props\":{\"grid_column_gap\":\"small\",\"grid_row_gap\":\"small\",\"margin\":\"default\"},\"children\":[{\"type\":\"button_item\",\"props\":{\"button_style\":\"primary\",\"content\":\"Ersatzteil anfordern\",\"dialog_layout\":\"modal\",\"dialog_offcanvas_flip\":true,\"icon_align\":\"left\",\"link\":\" \"}}]}]},{\"type\":\"column\",\"props\":{\"image_position\":\"center-center\",\"position_sticky_breakpoint\":\"m\",\"style\":\"tile-muted\",\"width_medium\":\"1-3\"},\"children\":[{\"type\":\"icon\",\"props\":{\"icon\":\"question\",\"icon_color\":\"primary\",\"icon_width\":\"250\",\"margin\":\"default\",\"position\":\"relative\",\"position_top\":\"-6\",\"text_align\":\"center\"}},{\"type\":\"panel\",\"props\":{\"content\":\"\",\"content_column_breakpoint\":\"m\",\"icon_width\":80,\"image_align\":\"top\",\"image_grid_breakpoint\":\"m\",\"image_grid_width\":\"1-2\",\"image_svg_color\":\"emphasis\",\"link_style\":\"default\",\"link_text\":\"Read more\",\"margin\":\"default\",\"meta\":\"\",\"meta_align\":\"below-title\",\"meta_element\":\"div\",\"meta_style\":\"text-meta\",\"title\":\"Sofort-Hilfe\",\"title_align\":\"top\",\"title_element\":\"h3\",\"title_grid_breakpoint\":\"m\",\"title_grid_width\":\"1-2\",\"title_hover_style\":\"reset\"}},{\"type\":\"button\",\"props\":{\"grid_column_gap\":\"small\",\"grid_row_gap\":\"small\",\"margin\":\"default\"},\"children\":[{\"type\":\"button_item\",\"props\":{\"button_style\":\"primary\",\"content\":\"HEIMwerker-Tutorials\",\"dialog_layout\":\"modal\",\"dialog_offcanvas_flip\":true,\"icon_align\":\"left\",\"link\":\" \"}},{\"type\":\"button_item\",\"props\":{\"button_style\":\"primary\",\"content\":\"FAQs\",\"dialog_layout\":\"modal\",\"dialog_offcanvas_flip\":true,\"icon_align\":\"left\",\"link\":\" \"}}]}]}]}],\"name\":\"3 Teaser\"}],\"version\":\"4.5.11\"} --><\/p>\n","protected":false},"excerpt":{"rendered":"<p>Service-Hotline: 052 369 70 90 Der sofortige Einsatz unseres ausgebildeten Service-Teams erm\u00f6glicht im Notfall eine rasche und umfassende Schadensbehebung. Pikettdienst: 24\/7 f\u00fcr dich da! Kontaktformular [nut] Ersatzteilbestellung \u00dcber unseren 24-Stunden-Kundendienst sind in unserem Ersatzteillager \u00fcber 1000 verschiedene neue und \u00e4ltere Bauteile abrufbar. Ersatzteil anfordern [question] Sofort-Hilfe Unsere FAQs und HEIMwerker Tutorials bieten dir einfache L\u00f6sungen [&hellip;]<\/p>\n","protected":false},"author":1,"featured_media":0,"parent":310,"menu_order":2,"comment_status":"closed","ping_status":"closed","template":"","meta":{"_acf_changed":false,"footnotes":""},"class_list":["post-316","page","type-page","status-publish","hentry"],"acf":[],"yoast_head":"<!-- This site is optimized with the Yoast SEO plugin v27.4 - https:\/\/yoast.com\/product\/yoast-seo-wordpress\/ -->\n<title>Hotline - Heim AG Heizsysteme<\/title>\n<meta name=\"description\" content=\"Unsere Kundendienst Hotline ist per Telefon oder E-Mail f\u00fcr sie erreichbar und hilft dir sofort professionell weiter.\" \/>\n<meta name=\"robots\" content=\"index, follow, max-snippet:-1, max-image-preview:large, max-video-preview:-1\" \/>\n<link rel=\"canonical\" href=\"https:\/\/www.heim-ag.ch\/heizsysteme\/kundendienst\/service-hotline\/\" \/>\n<meta property=\"og:locale\" content=\"de_DE\" \/>\n<meta property=\"og:type\" content=\"article\" \/>\n<meta property=\"og:title\" content=\"Hotline - Heim AG Heizsysteme\" \/>\n<meta property=\"og:description\" content=\"Unsere Kundendienst Hotline ist per Telefon oder E-Mail f\u00fcr sie erreichbar und hilft dir sofort professionell weiter.\" \/>\n<meta property=\"og:url\" content=\"https:\/\/www.heim-ag.ch\/heizsysteme\/kundendienst\/service-hotline\/\" \/>\n<meta property=\"og:site_name\" content=\"Heim AG Heizsysteme\" \/>\n<meta property=\"article:modified_time\" content=\"2025-03-19T06:28:00+00:00\" \/>\n<meta property=\"og:image\" content=\"https:\/\/www.heim-ag.ch\/heizsysteme\/wp-content\/uploads\/sites\/2\/2024\/08\/heim-ag-logo-website-bild.jpg\" \/>\n\t<meta property=\"og:image:width\" content=\"1200\" \/>\n\t<meta property=\"og:image:height\" content=\"675\" \/>\n\t<meta property=\"og:image:type\" content=\"image\/jpeg\" \/>\n<meta name=\"twitter:card\" content=\"summary_large_image\" \/>\n<meta name=\"twitter:label1\" content=\"Gesch\u00e4tzte Lesezeit\" \/>\n\t<meta name=\"twitter:data1\" content=\"1\u00a0Minute\" \/>\n<script type=\"application\/ld+json\" class=\"yoast-schema-graph\">{\"@context\":\"https:\\\/\\\/schema.org\",\"@graph\":[{\"@type\":\"WebPage\",\"@id\":\"https:\\\/\\\/www.heim-ag.ch\\\/heizsysteme\\\/kundendienst\\\/service-hotline\\\/\",\"url\":\"https:\\\/\\\/www.heim-ag.ch\\\/heizsysteme\\\/kundendienst\\\/service-hotline\\\/\",\"name\":\"Hotline - Heim AG Heizsysteme\",\"isPartOf\":{\"@id\":\"https:\\\/\\\/www.heim-ag.ch\\\/heizsysteme\\\/#website\"},\"datePublished\":\"2024-02-16T10:55:05+00:00\",\"dateModified\":\"2025-03-19T06:28:00+00:00\",\"description\":\"Unsere Kundendienst Hotline ist per Telefon oder E-Mail f\u00fcr sie erreichbar und hilft dir sofort professionell weiter.\",\"breadcrumb\":{\"@id\":\"https:\\\/\\\/www.heim-ag.ch\\\/heizsysteme\\\/kundendienst\\\/service-hotline\\\/#breadcrumb\"},\"inLanguage\":\"de\",\"potentialAction\":[{\"@type\":\"ReadAction\",\"target\":[\"https:\\\/\\\/www.heim-ag.ch\\\/heizsysteme\\\/kundendienst\\\/service-hotline\\\/\"]}]},{\"@type\":\"BreadcrumbList\",\"@id\":\"https:\\\/\\\/www.heim-ag.ch\\\/heizsysteme\\\/kundendienst\\\/service-hotline\\\/#breadcrumb\",\"itemListElement\":[{\"@type\":\"ListItem\",\"position\":1,\"name\":\"Startseite\",\"item\":\"https:\\\/\\\/www.heim-ag.ch\\\/heizsysteme\\\/\"},{\"@type\":\"ListItem\",\"position\":2,\"name\":\"Kundendienst\",\"item\":\"https:\\\/\\\/www.heim-ag.ch\\\/heizsysteme\\\/kundendienst\\\/\"},{\"@type\":\"ListItem\",\"position\":3,\"name\":\"Hotline\"}]},{\"@type\":\"WebSite\",\"@id\":\"https:\\\/\\\/www.heim-ag.ch\\\/heizsysteme\\\/#website\",\"url\":\"https:\\\/\\\/www.heim-ag.ch\\\/heizsysteme\\\/\",\"name\":\"Heim AG Heizsysteme\",\"description\":\"Ganzheitlicher Partner f\u00fcr Energiel\u00f6sungen: erneuerbar und lokal\",\"publisher\":{\"@id\":\"https:\\\/\\\/www.heim-ag.ch\\\/heizsysteme\\\/#organization\"},\"alternateName\":\"Heim AG\",\"potentialAction\":[{\"@type\":\"SearchAction\",\"target\":{\"@type\":\"EntryPoint\",\"urlTemplate\":\"https:\\\/\\\/www.heim-ag.ch\\\/heizsysteme\\\/?s={search_term_string}\"},\"query-input\":{\"@type\":\"PropertyValueSpecification\",\"valueRequired\":true,\"valueName\":\"search_term_string\"}}],\"inLanguage\":\"de\"},{\"@type\":\"Organization\",\"@id\":\"https:\\\/\\\/www.heim-ag.ch\\\/heizsysteme\\\/#organization\",\"name\":\"Heim AG Heizsysteme\",\"alternateName\":\"Heim AG\",\"url\":\"https:\\\/\\\/www.heim-ag.ch\\\/heizsysteme\\\/\",\"logo\":{\"@type\":\"ImageObject\",\"inLanguage\":\"de\",\"@id\":\"https:\\\/\\\/www.heim-ag.ch\\\/heizsysteme\\\/#\\\/schema\\\/logo\\\/image\\\/\",\"url\":\"https:\\\/\\\/www.heim-ag.ch\\\/heizsysteme\\\/wp-content\\\/uploads\\\/sites\\\/2\\\/2024\\\/08\\\/heim-ag-logo-organisations-logo.jpg\",\"contentUrl\":\"https:\\\/\\\/www.heim-ag.ch\\\/heizsysteme\\\/wp-content\\\/uploads\\\/sites\\\/2\\\/2024\\\/08\\\/heim-ag-logo-organisations-logo.jpg\",\"width\":696,\"height\":697,\"caption\":\"Heim AG Heizsysteme\"},\"image\":{\"@id\":\"https:\\\/\\\/www.heim-ag.ch\\\/heizsysteme\\\/#\\\/schema\\\/logo\\\/image\\\/\"}}]}<\/script>\n<!-- \/ Yoast SEO plugin. -->","yoast_head_json":{"title":"Hotline - Heim AG Heizsysteme","description":"Unsere Kundendienst Hotline ist per Telefon oder E-Mail f\u00fcr sie erreichbar und hilft dir sofort professionell weiter.","robots":{"index":"index","follow":"follow","max-snippet":"max-snippet:-1","max-image-preview":"max-image-preview:large","max-video-preview":"max-video-preview:-1"},"canonical":"https:\/\/www.heim-ag.ch\/heizsysteme\/kundendienst\/service-hotline\/","og_locale":"de_DE","og_type":"article","og_title":"Hotline - Heim AG Heizsysteme","og_description":"Unsere Kundendienst Hotline ist per Telefon oder E-Mail f\u00fcr sie erreichbar und hilft dir sofort professionell weiter.","og_url":"https:\/\/www.heim-ag.ch\/heizsysteme\/kundendienst\/service-hotline\/","og_site_name":"Heim AG Heizsysteme","article_modified_time":"2025-03-19T06:28:00+00:00","og_image":[{"width":1200,"height":675,"url":"https:\/\/www.heim-ag.ch\/heizsysteme\/wp-content\/uploads\/sites\/2\/2024\/08\/heim-ag-logo-website-bild.jpg","type":"image\/jpeg"}],"twitter_card":"summary_large_image","twitter_misc":{"Gesch\u00e4tzte Lesezeit":"1\u00a0Minute"},"schema":{"@context":"https:\/\/schema.org","@graph":[{"@type":"WebPage","@id":"https:\/\/www.heim-ag.ch\/heizsysteme\/kundendienst\/service-hotline\/","url":"https:\/\/www.heim-ag.ch\/heizsysteme\/kundendienst\/service-hotline\/","name":"Hotline - Heim AG Heizsysteme","isPartOf":{"@id":"https:\/\/www.heim-ag.ch\/heizsysteme\/#website"},"datePublished":"2024-02-16T10:55:05+00:00","dateModified":"2025-03-19T06:28:00+00:00","description":"Unsere Kundendienst Hotline ist per Telefon oder E-Mail f\u00fcr sie erreichbar und hilft dir sofort professionell weiter.","breadcrumb":{"@id":"https:\/\/www.heim-ag.ch\/heizsysteme\/kundendienst\/service-hotline\/#breadcrumb"},"inLanguage":"de","potentialAction":[{"@type":"ReadAction","target":["https:\/\/www.heim-ag.ch\/heizsysteme\/kundendienst\/service-hotline\/"]}]},{"@type":"BreadcrumbList","@id":"https:\/\/www.heim-ag.ch\/heizsysteme\/kundendienst\/service-hotline\/#breadcrumb","itemListElement":[{"@type":"ListItem","position":1,"name":"Startseite","item":"https:\/\/www.heim-ag.ch\/heizsysteme\/"},{"@type":"ListItem","position":2,"name":"Kundendienst","item":"https:\/\/www.heim-ag.ch\/heizsysteme\/kundendienst\/"},{"@type":"ListItem","position":3,"name":"Hotline"}]},{"@type":"WebSite","@id":"https:\/\/www.heim-ag.ch\/heizsysteme\/#website","url":"https:\/\/www.heim-ag.ch\/heizsysteme\/","name":"Heim AG Heizsysteme","description":"Ganzheitlicher Partner f\u00fcr Energiel\u00f6sungen: erneuerbar und lokal","publisher":{"@id":"https:\/\/www.heim-ag.ch\/heizsysteme\/#organization"},"alternateName":"Heim AG","potentialAction":[{"@type":"SearchAction","target":{"@type":"EntryPoint","urlTemplate":"https:\/\/www.heim-ag.ch\/heizsysteme\/?s={search_term_string}"},"query-input":{"@type":"PropertyValueSpecification","valueRequired":true,"valueName":"search_term_string"}}],"inLanguage":"de"},{"@type":"Organization","@id":"https:\/\/www.heim-ag.ch\/heizsysteme\/#organization","name":"Heim AG Heizsysteme","alternateName":"Heim AG","url":"https:\/\/www.heim-ag.ch\/heizsysteme\/","logo":{"@type":"ImageObject","inLanguage":"de","@id":"https:\/\/www.heim-ag.ch\/heizsysteme\/#\/schema\/logo\/image\/","url":"https:\/\/www.heim-ag.ch\/heizsysteme\/wp-content\/uploads\/sites\/2\/2024\/08\/heim-ag-logo-organisations-logo.jpg","contentUrl":"https:\/\/www.heim-ag.ch\/heizsysteme\/wp-content\/uploads\/sites\/2\/2024\/08\/heim-ag-logo-organisations-logo.jpg","width":696,"height":697,"caption":"Heim AG Heizsysteme"},"image":{"@id":"https:\/\/www.heim-ag.ch\/heizsysteme\/#\/schema\/logo\/image\/"}}]}},"_links":{"self":[{"href":"https:\/\/www.heim-ag.ch\/heizsysteme\/wp-json\/wp\/v2\/pages\/316","targetHints":{"allow":["GET"]}}],"collection":[{"href":"https:\/\/www.heim-ag.ch\/heizsysteme\/wp-json\/wp\/v2\/pages"}],"about":[{"href":"https:\/\/www.heim-ag.ch\/heizsysteme\/wp-json\/wp\/v2\/types\/page"}],"author":[{"embeddable":true,"href":"https:\/\/www.heim-ag.ch\/heizsysteme\/wp-json\/wp\/v2\/users\/1"}],"replies":[{"embeddable":true,"href":"https:\/\/www.heim-ag.ch\/heizsysteme\/wp-json\/wp\/v2\/comments?post=316"}],"version-history":[{"count":22,"href":"https:\/\/www.heim-ag.ch\/heizsysteme\/wp-json\/wp\/v2\/pages\/316\/revisions"}],"predecessor-version":[{"id":16890,"href":"https:\/\/www.heim-ag.ch\/heizsysteme\/wp-json\/wp\/v2\/pages\/316\/revisions\/16890"}],"up":[{"embeddable":true,"href":"https:\/\/www.heim-ag.ch\/heizsysteme\/wp-json\/wp\/v2\/pages\/310"}],"wp:attachment":[{"href":"https:\/\/www.heim-ag.ch\/heizsysteme\/wp-json\/wp\/v2\/media?parent=316"}],"curies":[{"name":"wp","href":"https:\/\/api.w.org\/{rel}","templated":true}]}}