{"id":8757,"date":"2024-07-18T11:12:46","date_gmt":"2024-07-18T09:12:46","guid":{"rendered":"https:\/\/stage.heim-ag.ch\/heizsysteme\/?page_id=8757"},"modified":"2026-01-05T11:20:02","modified_gmt":"2026-01-05T10:20:02","slug":"impressum","status":"publish","type":"page","link":"https:\/\/www.heim-ag.ch\/heizsysteme\/impressum\/","title":{"rendered":"Impressum"},"content":{"rendered":"<h1>Impressum<\/h1>\n<div>\n<div class=\"content-generator-output\"><b>Verantwortliche Instanz:<\/b><br \/>Heim AG Heizsysteme<br \/>Wittenwilerstrasse 31<br \/>8355 Aadorf<br \/>Schweiz<br \/><strong>E-Mail<\/strong>: info@heim-ag.ch<\/p>\n<p><strong>Vertretungsberechtigte Personen<\/strong><br \/>Steffen Rausch, Pascal Born, Reinhard R\u00fcegg, Martin Frank, Yves Furlato, Stefan Walter Reisp, Martin Schneider, Martin Schrag\u00a0<\/p>\n<p><strong>Name des Unternehmens<\/strong>: Heim AG Heizsysteme<br \/><strong>Registernummer:<\/strong> CHE-284.404.580<br \/><strong>Umsatzsteuer-Identifikationsnummer<\/strong>: CHE-284.404.580 MWST<\/p>\n<p><strong>Haftungsausschluss<\/strong><br \/>Der Autor \u00fcbernimmt keine Gew\u00e4hr f\u00fcr die Richtigkeit, Genauigkeit, Aktualit\u00e4t, Zuverl\u00e4ssigkeit und Vollst\u00e4ndigkeit der Informationen.<br \/>Haftungsanspr\u00fcche gegen den Autor wegen Sch\u00e4den materieller oder immaterieller Art, die aus dem Zugriff oder der Nutzung bzw. Nichtnutzung der ver\u00f6ffentlichten Informationen, durch Missbrauch der Verbindung oder durch technische St\u00f6rungen entstanden sind, werden ausgeschlossen.<\/p>\n<p>Alle Angebote sind freibleibend. Der Autor beh\u00e4lt es sich ausdr\u00fccklich vor, Teile der Seiten oder das gesamte Angebot ohne gesonderte Ank\u00fcndigung zu ver\u00e4ndern, zu erg\u00e4nzen, zu l\u00f6schen oder die Ver\u00f6ffentlichung zeitweise oder endg\u00fcltig einzustellen.<\/p>\n<p><strong>Haftungsausschluss f\u00fcr Inhalte und Links<\/strong><br \/>Verweise und Links auf Webseiten Dritter liegen ausserhalb unseres Verantwortungsbereichs. Es wird jegliche Verantwortung f\u00fcr solche Webseiten abgelehnt. Der Zugriff und die Nutzung solcher Webseiten erfolgen auf eigene Gefahr des jeweiligen Nutzers.<\/p>\n<p><strong>Urheberrechtserkl\u00e4rung<\/strong><br \/>Die Urheber- und alle anderen Rechte an Inhalten, Bildern, Fotos oder anderen Dateien auf dieser Website, geh\u00f6ren ausschliesslich Heim AG Heizsysteme oder den speziell genannten Rechteinhabern. F\u00fcr die Reproduktion jeglicher Elemente ist die schriftliche Zustimmung des Urheberrechtstr\u00e4gers im Voraus einzuholen.<\/p>\n<p><strong>Quelle<\/strong>: <a style=\"color: inherit; text-decoration: none;\" href=\"https:\/\/brainbox.swiss\/\">BrainBox Solutions<\/a><\/div>\n<\/div>\n<div>\n<h3>Grafische Gestaltung und technischer Provider<\/h3>\n<p>Die grafische Konzeption wurde von Kommunikation &amp; Design im Auftrag\u00a0der Heim AG Heizsysteme durchgef\u00fchrt.<\/p>\n<p>URL: <a title=\"Kommunikation &amp; Design \u2013 Werbeagentur in Baden-W\u00fcrttemberg nahe der Schweizer Grenze\" href=\"http:\/\/www.kommunikation-design.com\" target=\"_blank\" rel=\"noopener\">www.kommunikation-design.com<\/a><\/p>\n<\/div>\n<div>\n<h2>Bildnachweis<\/h2>\n<p>Die auf dieser Internetseite verwendeten Fotos wurden unter anderem von<span>\u00a0<\/span><a title=\"Fotoagentur f\u00fcr Fotografie, Digitalfotografie, Modefotografie - Foto &amp;amp; Design\" href=\"http:\/\/www.fotofilmdesign.com\/\" target=\"_blank\" rel=\"noopener\">fotofilmdesign.com<\/a><span>\u00a0<\/span>im Auftrag der Heim AG erstellt. Die Fotos sind urheberrechtlich gesch\u00fctzt und d\u00fcrfen nicht weitergegeben werden.<\/p>\n<\/div>\n<p><!--more--><br \/>\n<!-- {\"type\":\"layout\",\"children\":[{\"type\":\"section\",\"props\":{\"image_position\":\"center-center\",\"style\":\"default\",\"title_breakpoint\":\"xl\",\"title_position\":\"top-left\",\"title_rotation\":\"left\",\"vertical_align\":\"middle\",\"width\":\"default\"},\"children\":[{\"type\":\"row\",\"children\":[{\"type\":\"column\",\"props\":{\"image_position\":\"center-center\",\"position_sticky_breakpoint\":\"m\",\"width_medium\":\"3-4\"},\"children\":[{\"type\":\"headline\",\"props\":{\"content\":\"Impressum\",\"title_element\":\"h1\"}},{\"type\":\"text\",\"props\":{\"column_breakpoint\":\"m\",\"content\":\"\n\n<div class=\\\"content-generator-output\\\"><b>Verantwortliche Instanz:<\\\/b><br \\\/>Heim AG Heizsysteme<br \\\/>Wittenwilerstrasse 31<br \\\/>8355 Aadorf<br \\\/>Schweiz<br \\\/><strong>E-Mail<\\\/strong>: info@heim-ag.ch<br \\\/><br \\\/><strong>Vertretungsberechtigte Personen<\\\/strong><br \\\/>Steffen Rausch, Pascal Born, Reinhard R\\u00fcegg, Martin Frank, Yves Furlato, Stefan Walter Reisp, Martin Schneider, Martin Schrag\\u00a0<br \\\/><br \\\/><strong>Name des Unternehmens<\\\/strong>: Heim AG Heizsysteme<br \\\/><strong>Registernummer:<\\\/strong> CHE-284.404.580<br \\\/><strong>Umsatzsteuer-Identifikationsnummer<\\\/strong>: CHE-284.404.580 MWST<br \\\/><br \\\/><strong>Haftungsausschluss<\\\/strong><br \\\/>Der Autor \\u00fcbernimmt keine Gew\\u00e4hr f\\u00fcr die Richtigkeit, Genauigkeit, Aktualit\\u00e4t, Zuverl\\u00e4ssigkeit und Vollst\\u00e4ndigkeit der Informationen.<br \\\/>Haftungsanspr\\u00fcche gegen den Autor wegen Sch\\u00e4den materieller oder immaterieller Art, die aus dem Zugriff oder der Nutzung bzw. Nichtnutzung der ver\\u00f6ffentlichten Informationen, durch Missbrauch der Verbindung oder durch technische St\\u00f6rungen entstanden sind, werden ausgeschlossen.<br \\\/><br \\\/>Alle Angebote sind freibleibend. Der Autor beh\\u00e4lt es sich ausdr\\u00fccklich vor, Teile der Seiten oder das gesamte Angebot ohne gesonderte Ank\\u00fcndigung zu ver\\u00e4ndern, zu erg\\u00e4nzen, zu l\\u00f6schen oder die Ver\\u00f6ffentlichung zeitweise oder endg\\u00fcltig einzustellen.<br \\\/><br \\\/><strong>Haftungsausschluss f\\u00fcr Inhalte und Links<\\\/strong><br \\\/>Verweise und Links auf Webseiten Dritter liegen ausserhalb unseres Verantwortungsbereichs. Es wird jegliche Verantwortung f\\u00fcr solche Webseiten abgelehnt. Der Zugriff und die Nutzung solcher Webseiten erfolgen auf eigene Gefahr des jeweiligen Nutzers.<br \\\/><br \\\/><strong>Urheberrechtserkl\\u00e4rung<\\\/strong><br \\\/>Die Urheber- und alle anderen Rechte an Inhalten, Bildern, Fotos oder anderen Dateien auf dieser Website, geh\\u00f6ren ausschliesslich Heim AG Heizsysteme oder den speziell genannten Rechteinhabern. F\\u00fcr die Reproduktion jeglicher Elemente ist die schriftliche Zustimmung des Urheberrechtstr\\u00e4gers im Voraus einzuholen.<br \\\/><br \\\/><strong>Quelle<\\\/strong>: <a style=\\\"color: inherit; text-decoration: none;\\\" href=\\\"https:\\\/\\\/brainbox.swiss\\\/\\\">BrainBox Solutions<\\\/a><\\\/div>\",\"margin\":\"default\"}},{\"type\":\"text\",\"props\":{\"column_breakpoint\":\"m\",\"content\":\"\n\n<h3>Grafische Gestaltung und technischer Provider<\\\/h3>\\n\n\n<p>Die grafische Konzeption wurde von Kommunikation &amp; Design im Auftrag\\u00a0der Heim AG Heizsysteme durchgef\\u00fchrt.<\\\/p>\\n\n\n<p>URL: <a title=\\\"Kommunikation &amp; Design \\u2013 Werbeagentur in Baden-W\\u00fcrttemberg nahe der Schweizer Grenze\\\" href=\\\"http:\\\/\\\/www.kommunikation-design.com\\\" target=\\\"_blank\\\" rel=\\\"noopener\\\">www.kommunikation-design.com<\\\/a><\\\/p>\",\"margin\":\"default\"}},{\"type\":\"text\",\"props\":{\"column_breakpoint\":\"m\",\"content\":\"\n\n<h2>Bildnachweis<\\\/h2>\\n\n\n<p>Die auf dieser Internetseite verwendeten Fotos wurden unter anderem von<span>\\u00a0<\\\/span><a title=\\\"Fotoagentur f\\u00fcr Fotografie, Digitalfotografie, Modefotografie - Foto &amp;amp; Design\\\" href=\\\"http:\\\/\\\/www.fotofilmdesign.com\\\/\\\" target=\\\"_blank\\\" rel=\\\"noopener\\\">fotofilmdesign.com<\\\/a><span>\\u00a0<\\\/span>im Auftrag der Heim AG erstellt. Die Fotos sind urheberrechtlich gesch\\u00fctzt und d\\u00fcrfen nicht weitergegeben werden.<\\\/p>\",\"margin\":\"default\"}}]},{\"type\":\"column\",\"props\":{\"image_position\":\"center-center\",\"position_sticky_breakpoint\":\"m\",\"width_medium\":\"1-4\"}}],\"props\":{\"layout\":\"3-4,1-4\"}}]}],\"version\":\"4.5.33\"} --><\/p>\n","protected":false},"excerpt":{"rendered":"<p>Impressum Verantwortliche Instanz:Heim AG HeizsystemeWittenwilerstrasse 318355 AadorfSchweizE-Mail: info@heim-ag.ch Vertretungsberechtigte PersonenSteffen Rausch, Pascal Born, Reinhard R\u00fcegg, Martin Frank, Yves Furlato, Stefan Walter Reisp, Martin Schneider, Martin Schrag\u00a0 Name des Unternehmens: Heim AG HeizsystemeRegisternummer: CHE-284.404.580Umsatzsteuer-Identifikationsnummer: CHE-284.404.580 MWST HaftungsausschlussDer Autor \u00fcbernimmt keine Gew\u00e4hr f\u00fcr die Richtigkeit, Genauigkeit, Aktualit\u00e4t, Zuverl\u00e4ssigkeit und Vollst\u00e4ndigkeit der Informationen.Haftungsanspr\u00fcche gegen den Autor wegen Sch\u00e4den [&hellip;]<\/p>\n","protected":false},"author":1,"featured_media":0,"parent":0,"menu_order":0,"comment_status":"closed","ping_status":"closed","template":"","meta":{"_acf_changed":false,"footnotes":""},"class_list":["post-8757","page","type-page","status-publish","hentry"],"acf":[],"yoast_head":"<!-- This site is optimized with the Yoast SEO plugin v27.4 - https:\/\/yoast.com\/product\/yoast-seo-wordpress\/ -->\n<title>Impressum - Heim AG Heizsysteme<\/title>\n<meta name=\"description\" content=\"Hier findest du unser Impressum mit Vertretungsberechtigte Personen, Haftungsausschl\u00fcsse und Urheberrechtserkl\u00e4rungen\" \/>\n<meta name=\"robots\" content=\"index, follow, max-snippet:-1, max-image-preview:large, max-video-preview:-1\" \/>\n<link rel=\"canonical\" href=\"https:\/\/www.heim-ag.ch\/heizsysteme\/impressum\/\" \/>\n<meta property=\"og:locale\" content=\"de_DE\" \/>\n<meta property=\"og:type\" content=\"article\" \/>\n<meta property=\"og:title\" content=\"Impressum - Heim AG Heizsysteme\" \/>\n<meta property=\"og:description\" content=\"Hier findest du unser Impressum mit Vertretungsberechtigte Personen, Haftungsausschl\u00fcsse und Urheberrechtserkl\u00e4rungen\" \/>\n<meta property=\"og:url\" content=\"https:\/\/www.heim-ag.ch\/heizsysteme\/impressum\/\" \/>\n<meta property=\"og:site_name\" content=\"Heim AG Heizsysteme\" \/>\n<meta property=\"article:modified_time\" content=\"2026-01-05T10:20:02+00:00\" \/>\n<meta property=\"og:image\" content=\"https:\/\/www.heim-ag.ch\/heizsysteme\/wp-content\/uploads\/sites\/2\/2024\/08\/heim-ag-logo-website-bild.jpg\" \/>\n\t<meta property=\"og:image:width\" content=\"1200\" \/>\n\t<meta property=\"og:image:height\" content=\"675\" \/>\n\t<meta property=\"og:image:type\" content=\"image\/jpeg\" \/>\n<meta name=\"twitter:card\" content=\"summary_large_image\" \/>\n<meta name=\"twitter:label1\" content=\"Gesch\u00e4tzte Lesezeit\" \/>\n\t<meta name=\"twitter:data1\" content=\"2\u00a0Minuten\" \/>\n<script type=\"application\/ld+json\" class=\"yoast-schema-graph\">{\"@context\":\"https:\\\/\\\/schema.org\",\"@graph\":[{\"@type\":\"WebPage\",\"@id\":\"https:\\\/\\\/www.heim-ag.ch\\\/heizsysteme\\\/impressum\\\/\",\"url\":\"https:\\\/\\\/www.heim-ag.ch\\\/heizsysteme\\\/impressum\\\/\",\"name\":\"Impressum - Heim AG Heizsysteme\",\"isPartOf\":{\"@id\":\"https:\\\/\\\/www.heim-ag.ch\\\/heizsysteme\\\/#website\"},\"datePublished\":\"2024-07-18T09:12:46+00:00\",\"dateModified\":\"2026-01-05T10:20:02+00:00\",\"description\":\"Hier findest du unser Impressum mit Vertretungsberechtigte Personen, Haftungsausschl\u00fcsse und Urheberrechtserkl\u00e4rungen\",\"breadcrumb\":{\"@id\":\"https:\\\/\\\/www.heim-ag.ch\\\/heizsysteme\\\/impressum\\\/#breadcrumb\"},\"inLanguage\":\"de\",\"potentialAction\":[{\"@type\":\"ReadAction\",\"target\":[\"https:\\\/\\\/www.heim-ag.ch\\\/heizsysteme\\\/impressum\\\/\"]}]},{\"@type\":\"BreadcrumbList\",\"@id\":\"https:\\\/\\\/www.heim-ag.ch\\\/heizsysteme\\\/impressum\\\/#breadcrumb\",\"itemListElement\":[{\"@type\":\"ListItem\",\"position\":1,\"name\":\"Startseite\",\"item\":\"https:\\\/\\\/www.heim-ag.ch\\\/heizsysteme\\\/\"},{\"@type\":\"ListItem\",\"position\":2,\"name\":\"Impressum\"}]},{\"@type\":\"WebSite\",\"@id\":\"https:\\\/\\\/www.heim-ag.ch\\\/heizsysteme\\\/#website\",\"url\":\"https:\\\/\\\/www.heim-ag.ch\\\/heizsysteme\\\/\",\"name\":\"Heim AG Heizsysteme\",\"description\":\"Ganzheitlicher Partner f\u00fcr Energiel\u00f6sungen: erneuerbar und lokal\",\"publisher\":{\"@id\":\"https:\\\/\\\/www.heim-ag.ch\\\/heizsysteme\\\/#organization\"},\"alternateName\":\"Heim AG\",\"potentialAction\":[{\"@type\":\"SearchAction\",\"target\":{\"@type\":\"EntryPoint\",\"urlTemplate\":\"https:\\\/\\\/www.heim-ag.ch\\\/heizsysteme\\\/?s={search_term_string}\"},\"query-input\":{\"@type\":\"PropertyValueSpecification\",\"valueRequired\":true,\"valueName\":\"search_term_string\"}}],\"inLanguage\":\"de\"},{\"@type\":\"Organization\",\"@id\":\"https:\\\/\\\/www.heim-ag.ch\\\/heizsysteme\\\/#organization\",\"name\":\"Heim AG Heizsysteme\",\"alternateName\":\"Heim AG\",\"url\":\"https:\\\/\\\/www.heim-ag.ch\\\/heizsysteme\\\/\",\"logo\":{\"@type\":\"ImageObject\",\"inLanguage\":\"de\",\"@id\":\"https:\\\/\\\/www.heim-ag.ch\\\/heizsysteme\\\/#\\\/schema\\\/logo\\\/image\\\/\",\"url\":\"https:\\\/\\\/www.heim-ag.ch\\\/heizsysteme\\\/wp-content\\\/uploads\\\/sites\\\/2\\\/2024\\\/08\\\/heim-ag-logo-organisations-logo.jpg\",\"contentUrl\":\"https:\\\/\\\/www.heim-ag.ch\\\/heizsysteme\\\/wp-content\\\/uploads\\\/sites\\\/2\\\/2024\\\/08\\\/heim-ag-logo-organisations-logo.jpg\",\"width\":696,\"height\":697,\"caption\":\"Heim AG Heizsysteme\"},\"image\":{\"@id\":\"https:\\\/\\\/www.heim-ag.ch\\\/heizsysteme\\\/#\\\/schema\\\/logo\\\/image\\\/\"}}]}<\/script>\n<!-- \/ Yoast SEO plugin. -->","yoast_head_json":{"title":"Impressum - Heim AG Heizsysteme","description":"Hier findest du unser Impressum mit Vertretungsberechtigte Personen, Haftungsausschl\u00fcsse und Urheberrechtserkl\u00e4rungen","robots":{"index":"index","follow":"follow","max-snippet":"max-snippet:-1","max-image-preview":"max-image-preview:large","max-video-preview":"max-video-preview:-1"},"canonical":"https:\/\/www.heim-ag.ch\/heizsysteme\/impressum\/","og_locale":"de_DE","og_type":"article","og_title":"Impressum - Heim AG Heizsysteme","og_description":"Hier findest du unser Impressum mit Vertretungsberechtigte Personen, Haftungsausschl\u00fcsse und Urheberrechtserkl\u00e4rungen","og_url":"https:\/\/www.heim-ag.ch\/heizsysteme\/impressum\/","og_site_name":"Heim AG Heizsysteme","article_modified_time":"2026-01-05T10:20:02+00:00","og_image":[{"width":1200,"height":675,"url":"https:\/\/www.heim-ag.ch\/heizsysteme\/wp-content\/uploads\/sites\/2\/2024\/08\/heim-ag-logo-website-bild.jpg","type":"image\/jpeg"}],"twitter_card":"summary_large_image","twitter_misc":{"Gesch\u00e4tzte Lesezeit":"2\u00a0Minuten"},"schema":{"@context":"https:\/\/schema.org","@graph":[{"@type":"WebPage","@id":"https:\/\/www.heim-ag.ch\/heizsysteme\/impressum\/","url":"https:\/\/www.heim-ag.ch\/heizsysteme\/impressum\/","name":"Impressum - Heim AG Heizsysteme","isPartOf":{"@id":"https:\/\/www.heim-ag.ch\/heizsysteme\/#website"},"datePublished":"2024-07-18T09:12:46+00:00","dateModified":"2026-01-05T10:20:02+00:00","description":"Hier findest du unser Impressum mit Vertretungsberechtigte Personen, Haftungsausschl\u00fcsse und Urheberrechtserkl\u00e4rungen","breadcrumb":{"@id":"https:\/\/www.heim-ag.ch\/heizsysteme\/impressum\/#breadcrumb"},"inLanguage":"de","potentialAction":[{"@type":"ReadAction","target":["https:\/\/www.heim-ag.ch\/heizsysteme\/impressum\/"]}]},{"@type":"BreadcrumbList","@id":"https:\/\/www.heim-ag.ch\/heizsysteme\/impressum\/#breadcrumb","itemListElement":[{"@type":"ListItem","position":1,"name":"Startseite","item":"https:\/\/www.heim-ag.ch\/heizsysteme\/"},{"@type":"ListItem","position":2,"name":"Impressum"}]},{"@type":"WebSite","@id":"https:\/\/www.heim-ag.ch\/heizsysteme\/#website","url":"https:\/\/www.heim-ag.ch\/heizsysteme\/","name":"Heim AG Heizsysteme","description":"Ganzheitlicher Partner f\u00fcr Energiel\u00f6sungen: erneuerbar und lokal","publisher":{"@id":"https:\/\/www.heim-ag.ch\/heizsysteme\/#organization"},"alternateName":"Heim AG","potentialAction":[{"@type":"SearchAction","target":{"@type":"EntryPoint","urlTemplate":"https:\/\/www.heim-ag.ch\/heizsysteme\/?s={search_term_string}"},"query-input":{"@type":"PropertyValueSpecification","valueRequired":true,"valueName":"search_term_string"}}],"inLanguage":"de"},{"@type":"Organization","@id":"https:\/\/www.heim-ag.ch\/heizsysteme\/#organization","name":"Heim AG Heizsysteme","alternateName":"Heim AG","url":"https:\/\/www.heim-ag.ch\/heizsysteme\/","logo":{"@type":"ImageObject","inLanguage":"de","@id":"https:\/\/www.heim-ag.ch\/heizsysteme\/#\/schema\/logo\/image\/","url":"https:\/\/www.heim-ag.ch\/heizsysteme\/wp-content\/uploads\/sites\/2\/2024\/08\/heim-ag-logo-organisations-logo.jpg","contentUrl":"https:\/\/www.heim-ag.ch\/heizsysteme\/wp-content\/uploads\/sites\/2\/2024\/08\/heim-ag-logo-organisations-logo.jpg","width":696,"height":697,"caption":"Heim AG Heizsysteme"},"image":{"@id":"https:\/\/www.heim-ag.ch\/heizsysteme\/#\/schema\/logo\/image\/"}}]}},"_links":{"self":[{"href":"https:\/\/www.heim-ag.ch\/heizsysteme\/wp-json\/wp\/v2\/pages\/8757","targetHints":{"allow":["GET"]}}],"collection":[{"href":"https:\/\/www.heim-ag.ch\/heizsysteme\/wp-json\/wp\/v2\/pages"}],"about":[{"href":"https:\/\/www.heim-ag.ch\/heizsysteme\/wp-json\/wp\/v2\/types\/page"}],"author":[{"embeddable":true,"href":"https:\/\/www.heim-ag.ch\/heizsysteme\/wp-json\/wp\/v2\/users\/1"}],"replies":[{"embeddable":true,"href":"https:\/\/www.heim-ag.ch\/heizsysteme\/wp-json\/wp\/v2\/comments?post=8757"}],"version-history":[{"count":10,"href":"https:\/\/www.heim-ag.ch\/heizsysteme\/wp-json\/wp\/v2\/pages\/8757\/revisions"}],"predecessor-version":[{"id":21647,"href":"https:\/\/www.heim-ag.ch\/heizsysteme\/wp-json\/wp\/v2\/pages\/8757\/revisions\/21647"}],"wp:attachment":[{"href":"https:\/\/www.heim-ag.ch\/heizsysteme\/wp-json\/wp\/v2\/media?parent=8757"}],"curies":[{"name":"wp","href":"https:\/\/api.w.org\/{rel}","templated":true}]}}